Last updated on 2025-10-30 13:48:44 CET.
| Flavor | Version | Tinstall | Tcheck | Ttotal | Status | Flags |
|---|---|---|---|---|---|---|
| r-devel-linux-x86_64-debian-clang | 1.0.2 | 6.17 | 68.82 | 74.99 | OK | |
| r-devel-linux-x86_64-debian-gcc | 1.0.2 | 4.75 | 49.31 | 54.06 | OK | |
| r-devel-linux-x86_64-fedora-clang | 1.0.2 | 32.00 | 92.03 | 124.03 | OK | |
| r-devel-linux-x86_64-fedora-gcc | 1.0.2 | 49.00 | 86.73 | 135.73 | OK | |
| r-devel-windows-x86_64 | 1.0.2 | 7.00 | 81.00 | 88.00 | OK | |
| r-patched-linux-x86_64 | 1.0.2 | 6.34 | 63.30 | 69.64 | OK | |
| r-release-linux-x86_64 | 1.0.2 | 5.64 | 63.08 | 68.72 | OK | |
| r-release-macos-arm64 | 1.0.2 | 3.00 | 42.00 | 45.00 | OK | |
| r-release-macos-x86_64 | 1.0.2 | 3.00 | 70.00 | 73.00 | OK | |
| r-release-windows-x86_64 | 1.0.2 | 8.00 | 84.00 | 92.00 | OK | |
| r-oldrel-macos-arm64 | 1.0.2 | 3.00 | 44.00 | 47.00 | NOTE | |
| r-oldrel-macos-x86_64 | 1.0.2 | 3.00 | 93.00 | 96.00 | NOTE | |
| r-oldrel-windows-x86_64 | 1.0.2 | 9.00 | 101.00 | 110.00 | NOTE |
Version: 1.0.2
Check: package dependencies
Result: NOTE
Package suggested but not available for checking: ‘NBDCtoolsData’
Flavors: r-oldrel-macos-arm64, r-oldrel-macos-x86_64, r-oldrel-windows-x86_64
These binaries (installable software) and packages are in development.
They may not be fully stable and should be used with caution. We make no claims about them.