CRAN Package Check Results for Package NBDesign

Last updated on 2025-07-12 19:50:07 CEST.

Flavor Version Tinstall Tcheck Ttotal Status Flags
r-devel-linux-x86_64-debian-clang 2.0.0 5.46 53.55 59.01 OK
r-devel-linux-x86_64-debian-gcc 2.0.0 4.86 40.49 45.35 OK
r-devel-linux-x86_64-fedora-clang 2.0.0 92.15 OK
r-devel-linux-x86_64-fedora-gcc 2.0.0 88.61 OK
r-devel-windows-x86_64 2.0.0 7.00 66.00 73.00 OK
r-patched-linux-x86_64 2.0.0 6.33 51.12 57.45 OK
r-release-linux-x86_64 2.0.0 5.82 50.76 56.58 OK
r-release-macos-arm64 2.0.0 32.00 OK
r-release-macos-x86_64 2.0.0 51.00 OK
r-release-windows-x86_64 2.0.0 7.00 68.00 75.00 OK
r-oldrel-macos-arm64 2.0.0 29.00 NOTE
r-oldrel-macos-x86_64 2.0.0 45.00 NOTE
r-oldrel-windows-x86_64 2.0.0 9.00 77.00 86.00 NOTE

Check Details

Version: 2.0.0
Check: LazyData
Result: NOTE 'LazyData' is specified without a 'data' directory Flavors: r-oldrel-macos-arm64, r-oldrel-macos-x86_64, r-oldrel-windows-x86_64

These binaries (installable software) and packages are in development.
They may not be fully stable and should be used with caution. We make no claims about them.