Last updated on 2025-05-01 17:56:09 CEST.
Flavor | Version | Tinstall | Tcheck | Ttotal | Status | Flags |
---|---|---|---|---|---|---|
r-devel-linux-x86_64-debian-clang | 0.3.1 | 8.69 | 59.26 | 67.95 | NOTE | |
r-devel-linux-x86_64-debian-gcc | 0.3.1 | 5.46 | 40.09 | 45.55 | NOTE | |
r-devel-linux-x86_64-fedora-clang | 0.3.1 | 102.00 | OK | |||
r-devel-linux-x86_64-fedora-gcc | 0.3.1 | 88.57 | OK | |||
r-devel-windows-x86_64 | 0.3.1 | 9.00 | 72.00 | 81.00 | OK | |
r-patched-linux-x86_64 | 0.3.1 | 8.25 | 54.16 | 62.41 | OK | |
r-release-linux-x86_64 | OK | |||||
r-release-macos-arm64 | 0.3.1 | 34.00 | OK | |||
r-release-macos-x86_64 | 0.3.1 | 74.00 | OK | |||
r-release-windows-x86_64 | 0.3.1 | 10.00 | 70.00 | 80.00 | OK | |
r-oldrel-macos-arm64 | 0.3.1 | 28.00 | OK | |||
r-oldrel-macos-x86_64 | 0.3.1 | 69.00 | OK | |||
r-oldrel-windows-x86_64 | 0.3.1 | 9.00 | 68.00 | 77.00 | OK |
Version: 0.3.1
Check: CRAN incoming feasibility
Result: NOTE
Maintainer: ‘Yanming Di <diy@stat.oregonstate.edu>’
No Authors@R field in DESCRIPTION.
Please add one, modifying
Authors@R: c(person(given = "Yanming",
family = "Di",
role = c("aut", "cre"),
email = "diy@stat.oregonstate.edu"),
person(given = c("Daniel", "W"),
family = "Schafer",
role = "aut",
email = "schafer@stat.oregonstate.edu"),
person(given = c("with", "contributions", "from", "Jason", "S"),
family = "Cumbie",
role = "aut",
email = "cumbiej@onid.orst.edu"),
person(given = c("Jeff", "H"),
family = "Chang.",
role = "aut",
email = "changj@cgrb.oregonstate.edu"))
as necessary.
Flavors: r-devel-linux-x86_64-debian-clang, r-devel-linux-x86_64-debian-gcc
These binaries (installable software) and packages are in development.
They may not be fully stable and should be used with caution. We make no claims about them.