Last updated on 2025-05-08 04:52:12 CEST.
Flavor | Version | Tinstall | Tcheck | Ttotal | Status | Flags |
---|---|---|---|---|---|---|
r-devel-linux-x86_64-debian-clang | 0.1.5 | 3.33 | 52.61 | 55.94 | NOTE | |
r-devel-linux-x86_64-debian-gcc | 0.1.5 | 3.33 | 37.19 | 40.52 | NOTE | |
r-devel-linux-x86_64-fedora-clang | 0.1.5 | 90.49 | OK | |||
r-devel-linux-x86_64-fedora-gcc | 0.1.5 | 101.68 | OK | |||
r-devel-windows-x86_64 | 0.1.5 | 6.00 | 67.00 | 73.00 | OK | |
r-patched-linux-x86_64 | 0.1.5 | 3.89 | 50.13 | 54.02 | OK | |
r-release-linux-x86_64 | 0.1.5 | 3.94 | 50.47 | 54.41 | OK | |
r-release-macos-arm64 | 0.1.5 | 36.00 | OK | |||
r-release-macos-x86_64 | 0.1.5 | 67.00 | OK | |||
r-release-windows-x86_64 | 0.1.5 | 6.00 | 72.00 | 78.00 | OK | |
r-oldrel-macos-arm64 | 0.1.5 | 31.00 | OK | |||
r-oldrel-macos-x86_64 | 0.1.5 | 49.00 | OK | |||
r-oldrel-windows-x86_64 | 0.1.5 | 6.00 | 84.00 | 90.00 | OK |
Version: 0.1.5
Check: CRAN incoming feasibility
Result: NOTE
Maintainer: ‘Zeus Gracia-Tabuenca <zgtabuenca@comunidad.unam.mx>’
Package CITATION file contains call(s) to old-style personList() or
as.personList(). Please use c() on person objects instead.
Package CITATION file contains call(s) to old-style citEntry(). Please
use bibentry() instead.
Flavors: r-devel-linux-x86_64-debian-clang, r-devel-linux-x86_64-debian-gcc
These binaries (installable software) and packages are in development.
They may not be fully stable and should be used with caution. We make no claims about them.