Last updated on 2025-05-21 21:49:24 CEST.
Flavor | Version | Tinstall | Tcheck | Ttotal | Status | Flags |
---|---|---|---|---|---|---|
r-devel-linux-x86_64-debian-clang | 1.0 | 31.44 | 243.71 | 275.15 | OK | |
r-devel-linux-x86_64-debian-gcc | 1.0 | 23.39 | 177.59 | 200.98 | OK | |
r-devel-linux-x86_64-fedora-clang | 1.0 | 419.88 | NOTE | |||
r-devel-linux-x86_64-fedora-gcc | 1.0 | 411.45 | NOTE | |||
r-devel-windows-x86_64 | 1.0 | 26.00 | 227.00 | 253.00 | OK | |
r-patched-linux-x86_64 | 1.0 | 30.90 | 233.83 | 264.73 | OK | |
r-release-linux-x86_64 | 1.0 | 31.85 | 232.15 | 264.00 | OK | |
r-release-macos-arm64 | 1.0 | 143.00 | OK | |||
r-release-macos-x86_64 | 1.0 | 215.00 | OK | |||
r-release-windows-x86_64 | 1.0 | 28.00 | 225.00 | 253.00 | OK | |
r-oldrel-macos-arm64 | 1.0 | 103.00 | OK | |||
r-oldrel-macos-x86_64 | 1.0 | 156.00 | OK | |||
r-oldrel-windows-x86_64 | 1.0 | 34.00 | 285.00 | 319.00 | OK |
Version: 1.0
Check: dependencies in R code
Result: NOTE
Namespace in Imports field not imported from: ‘magick’
All declared Imports should be used.
Flavors: r-devel-linux-x86_64-fedora-clang, r-devel-linux-x86_64-fedora-gcc
These binaries (installable software) and packages are in development.
They may not be fully stable and should be used with caution. We make no claims about them.