CRAN Package Check Results for Package NCSampling

Last updated on 2025-05-22 03:50:43 CEST.

Flavor Version Tinstall Tcheck Ttotal Status Flags
r-devel-linux-x86_64-debian-clang 1.0 3.16 24.77 27.93 NOTE
r-devel-linux-x86_64-debian-gcc 1.0 2.32 19.21 21.53 NOTE
r-devel-linux-x86_64-fedora-clang 1.0 43.66 OK
r-devel-linux-x86_64-fedora-gcc 1.0 40.81 OK
r-devel-windows-x86_64 1.0 4.00 49.00 53.00 OK
r-patched-linux-x86_64 1.0 3.51 23.78 27.29 OK
r-release-linux-x86_64 1.0 3.34 24.03 27.37 OK
r-release-macos-arm64 1.0 23.00 OK
r-release-macos-x86_64 1.0 37.00 OK
r-release-windows-x86_64 1.0 5.00 50.00 55.00 OK
r-oldrel-macos-arm64 1.0 17.00 OK
r-oldrel-macos-x86_64 1.0 43.00 OK
r-oldrel-windows-x86_64 1.0 4.00 51.00 55.00 OK

Check Details

Version: 1.0
Check: CRAN incoming feasibility
Result: NOTE Maintainer: ‘Gavin Melville <gavin.melville@dpi.nsw.gov.au>’ No Authors@R field in DESCRIPTION. Please add one, modifying Authors@R: c(person(given = "GJ", family = "Melville", role = "aut"), person(given = "Gavin", family = "Melville", role = "cre", email = "gavin.melville@dpi.nsw.gov.au")) as necessary. Flavors: r-devel-linux-x86_64-debian-clang, r-devel-linux-x86_64-debian-gcc

These binaries (installable software) and packages are in development.
They may not be fully stable and should be used with caution. We make no claims about them.