Last updated on 2025-07-26 01:50:57 CEST.
Flavor | Version | Tinstall | Tcheck | Ttotal | Status | Flags |
---|---|---|---|---|---|---|
r-devel-linux-x86_64-debian-clang | 1.0.1 | 6.02 | 50.67 | 56.69 | NOTE | |
r-devel-linux-x86_64-debian-gcc | 1.0.1 | 5.18 | 36.65 | 41.83 | NOTE | |
r-devel-linux-x86_64-fedora-clang | 1.0.1 | 89.09 | OK | |||
r-devel-linux-x86_64-fedora-gcc | 1.0.1 | 85.96 | OK | |||
r-devel-windows-x86_64 | 1.0.1 | 8.00 | 64.00 | 72.00 | OK | |
r-patched-linux-x86_64 | 1.0.1 | 5.40 | 47.56 | 52.96 | OK | |
r-release-linux-x86_64 | 1.0.1 | 5.47 | 48.25 | 53.72 | OK | |
r-release-macos-arm64 | 1.0.1 | 26.00 | OK | |||
r-release-macos-x86_64 | 1.0.1 | 53.00 | OK | |||
r-release-windows-x86_64 | 1.0.1 | 8.00 | 65.00 | 73.00 | OK | |
r-oldrel-macos-arm64 | 1.0.1 | 25.00 | OK | |||
r-oldrel-macos-x86_64 | 1.0.1 | 47.00 | OK | |||
r-oldrel-windows-x86_64 | 1.0.1 | 10.00 | 76.00 | 86.00 | OK |
Version: 1.0.1
Check: CRAN incoming feasibility
Result: NOTE
Maintainer: ‘Peifeng Ruan <pruan12@fudan.edu.cn>’
No Authors@R field in DESCRIPTION.
Please add one, modifying
Authors@R: person(given = "Peifeng",
family = "Ruan",
role = c("aut", "cre"),
email = "pruan12@fudan.edu.cn")
as necessary.
Flavors: r-devel-linux-x86_64-debian-clang, r-devel-linux-x86_64-debian-gcc
These binaries (installable software) and packages are in development.
They may not be fully stable and should be used with caution. We make no claims about them.