Last updated on 2025-02-16 10:50:53 CET.
Flavor | Version | Tinstall | Tcheck | Ttotal | Status | Flags |
---|---|---|---|---|---|---|
r-devel-linux-x86_64-debian-clang | 1.2.1 | 2.97 | 114.17 | 117.14 | OK | |
r-devel-linux-x86_64-debian-gcc | 1.2.1 | 2.37 | 63.36 | 65.73 | OK | |
r-devel-linux-x86_64-fedora-clang | 1.2.1 | 180.48 | NOTE | |||
r-devel-linux-x86_64-fedora-gcc | 1.2.1 | 181.60 | NOTE | |||
r-devel-macos-arm64 | 1.2.1 | 48.00 | OK | |||
r-devel-macos-x86_64 | 1.2.1 | 107.00 | OK | |||
r-devel-windows-x86_64 | 1.2.1 | 5.00 | 113.00 | 118.00 | OK | |
r-patched-linux-x86_64 | 1.2.1 | 3.76 | 94.07 | 97.83 | OK | |
r-release-linux-x86_64 | 1.2.1 | 3.41 | 93.94 | 97.35 | OK | |
r-release-macos-arm64 | 1.2.1 | 107.00 | OK | |||
r-release-macos-x86_64 | 1.2.1 | 80.00 | OK | |||
r-release-windows-x86_64 | 1.2.1 | 5.00 | 117.00 | 122.00 | OK | |
r-oldrel-macos-arm64 | 1.2.1 | 48.00 | OK | |||
r-oldrel-macos-x86_64 | 1.2.1 | 76.00 | OK | |||
r-oldrel-windows-x86_64 | 1.2.1 | 6.00 | 147.00 | 153.00 | OK |
Version: 1.2.1
Check: dependencies in R code
Result: NOTE
Namespaces in Imports field not imported from:
‘Rdpack’ ‘curl’ ‘mathjaxr’
All declared Imports should be used.
Flavors: r-devel-linux-x86_64-fedora-clang, r-devel-linux-x86_64-fedora-gcc
These binaries (installable software) and packages are in development.
They may not be fully stable and should be used with caution. We make no claims about them.