CRAN Package Check Results for Package NGCHM

Last updated on 2025-02-23 01:51:48 CET.

Flavor Version Tinstall Tcheck Ttotal Status Flags
r-devel-linux-x86_64-debian-clang 1.0.4 19.32 81.54 100.86 OK
r-devel-linux-x86_64-debian-gcc 1.0.4 11.73 55.39 67.12 OK
r-devel-linux-x86_64-fedora-clang 1.0.4 157.93 OK
r-devel-linux-x86_64-fedora-gcc 1.0.4 154.90 OK
r-devel-macos-arm64 1.0.4 45.00 OK
r-devel-macos-x86_64 1.0.4 89.00 OK
r-devel-windows-x86_64 1.0.4 21.00 141.00 162.00 OK
r-patched-linux-x86_64 1.0.4 18.90 75.39 94.29 NOTE
r-release-linux-x86_64 1.0.4 18.47 74.94 93.41 NOTE
r-release-macos-arm64 1.0.4 44.00 NOTE
r-release-macos-x86_64 1.0.4 101.00 NOTE
r-release-windows-x86_64 1.0.4 23.00 139.00 162.00 NOTE
r-oldrel-macos-arm64 1.0.4 48.00 NOTE
r-oldrel-macos-x86_64 1.0.4 98.00 NOTE
r-oldrel-windows-x86_64 1.0.4 27.00 158.00 185.00 NOTE

Check Details

Version: 1.0.4
Check: package dependencies
Result: NOTE Packages which this enhances but not available for checking: 'NGCHMDemoData', 'NGCHMSupportFiles' Flavors: r-patched-linux-x86_64, r-release-linux-x86_64, r-release-macos-arm64, r-release-macos-x86_64, r-release-windows-x86_64, r-oldrel-macos-arm64, r-oldrel-macos-x86_64, r-oldrel-windows-x86_64

These binaries (installable software) and packages are in development.
They may not be fully stable and should be used with caution. We make no claims about them.