Last updated on 2025-10-23 21:51:34 CEST.
Flavor | Version | Tinstall | Tcheck | Ttotal | Status | Flags |
---|---|---|---|---|---|---|
r-devel-linux-x86_64-debian-clang | 1.0.4 | 17.46 | 88.22 | 105.68 | OK | |
r-devel-linux-x86_64-debian-gcc | 1.0.4 | 9.76 | 59.84 | 69.60 | OK | |
r-devel-linux-x86_64-fedora-clang | 1.0.4 | 43.00 | 127.00 | 170.00 | OK | |
r-devel-linux-x86_64-fedora-gcc | 1.0.4 | 34.00 | 115.92 | 149.92 | OK | |
r-devel-windows-x86_64 | 1.0.4 | 21.00 | 143.00 | 164.00 | OK | |
r-patched-linux-x86_64 | 1.0.4 | 20.90 | 81.80 | 102.70 | OK | |
r-release-linux-x86_64 | 1.0.4 | 16.18 | 81.13 | 97.31 | OK | |
r-release-macos-arm64 | 1.0.4 | 9.00 | 41.00 | 50.00 | OK | |
r-release-macos-x86_64 | 1.0.4 | 18.00 | 70.00 | 88.00 | OK | |
r-release-windows-x86_64 | 1.0.4 | 21.00 | 145.00 | 166.00 | OK | |
r-oldrel-macos-arm64 | 1.0.4 | 6.00 | 38.00 | 44.00 | NOTE | |
r-oldrel-macos-x86_64 | 1.0.4 | 15.00 | 86.00 | 101.00 | NOTE | |
r-oldrel-windows-x86_64 | 1.0.4 | 30.00 | 161.00 | 191.00 | NOTE |
Version: 1.0.4
Check: package dependencies
Result: NOTE
Packages which this enhances but not available for checking:
'NGCHMDemoData', 'NGCHMSupportFiles'
Flavors: r-oldrel-macos-arm64, r-oldrel-macos-x86_64, r-oldrel-windows-x86_64
These binaries (installable software) and packages are in development.
They may not be fully stable and should be used with caution. We make no claims about them.