Last updated on 2025-10-23 17:50:55 CEST.
Flavor | Version | Tinstall | Tcheck | Ttotal | Status | Flags |
---|---|---|---|---|---|---|
r-devel-linux-x86_64-debian-clang | 2.1.0 | 2.51 | 23.25 | 25.76 | NOTE | |
r-devel-linux-x86_64-debian-gcc | 2.1.0 | 2.19 | 18.71 | 20.90 | NOTE | |
r-devel-linux-x86_64-fedora-clang | 2.1.0 | 11.00 | 29.94 | 40.94 | NOTE | |
r-devel-linux-x86_64-fedora-gcc | 2.1.0 | 19.00 | 20.77 | 39.77 | NOTE | |
r-devel-windows-x86_64 | 2.1.0 | 3.00 | 41.00 | 44.00 | NOTE | |
r-patched-linux-x86_64 | 2.1.0 | 2.32 | 21.87 | 24.19 | NOTE | |
r-release-linux-x86_64 | 2.1.0 | 2.53 | 21.92 | 24.45 | NOTE | |
r-release-macos-arm64 | 2.1.0 | 2.00 | 18.00 | 20.00 | NOTE | |
r-release-macos-x86_64 | 2.1.0 | 3.00 | 25.00 | 28.00 | NOTE | |
r-release-windows-x86_64 | 2.1.0 | 4.00 | 41.00 | 45.00 | NOTE | |
r-oldrel-macos-arm64 | 2.1.0 | 2.00 | 15.00 | 17.00 | NOTE | |
r-oldrel-macos-x86_64 | 2.1.0 | 4.00 | 23.00 | 27.00 | NOTE | |
r-oldrel-windows-x86_64 | 2.1.0 | 3.00 | 46.00 | 49.00 | NOTE |
Version: 2.1.0
Check: CRAN incoming feasibility
Result: NOTE
Maintainer: ‘Randall Pruim <rpruim@calvin.edu>’
No Authors@R field in DESCRIPTION.
Please add one, modifying
Authors@R: person(given = "Randall",
family = "Pruim",
role = c("aut", "cre"),
email = "rpruim@calvin.edu")
as necessary.
The Description field contains
http://www.cdc.gov/nchs/nhanes.htm for details.
Please enclose URLs in angle brackets (<...>).
Flavors: r-devel-linux-x86_64-debian-clang, r-devel-linux-x86_64-debian-gcc
Version: 2.1.0
Check: Rd files
Result: NOTE
checkRd: (-1) NHANES.Rd:278: Lost braces
278 | \code{AgeFirstMarij}{Age participant first tried marijuana. Reported for participants aged 18 to 59 years.}
| ^
Flavors: r-devel-linux-x86_64-debian-clang, r-devel-linux-x86_64-debian-gcc, r-devel-linux-x86_64-fedora-clang, r-devel-linux-x86_64-fedora-gcc, r-devel-windows-x86_64, r-patched-linux-x86_64, r-release-linux-x86_64, r-release-macos-arm64, r-release-macos-x86_64, r-release-windows-x86_64, r-oldrel-macos-arm64, r-oldrel-macos-x86_64, r-oldrel-windows-x86_64
These binaries (installable software) and packages are in development.
They may not be fully stable and should be used with caution. We make no claims about them.