Last updated on 2024-07-27 15:50:27 CEST.
Flavor | Version | Tinstall | Tcheck | Ttotal | Status | Flags |
---|---|---|---|---|---|---|
r-devel-linux-x86_64-debian-clang | 2.1.0 | 2.47 | 26.22 | 28.69 | NOTE | |
r-devel-linux-x86_64-debian-gcc | 2.1.0 | NOTE | ||||
r-devel-linux-x86_64-fedora-clang | 2.1.0 | 36.27 | NOTE | |||
r-devel-linux-x86_64-fedora-gcc | 2.1.0 | 34.52 | NOTE | |||
r-devel-windows-x86_64 | 2.1.0 | 4.00 | 48.00 | 52.00 | NOTE | |
r-patched-linux-x86_64 | 2.1.0 | NOTE | ||||
r-release-linux-x86_64 | 2.1.0 | 2.93 | 24.58 | 27.51 | NOTE | |
r-release-macos-arm64 | 2.1.0 | 17.00 | NOTE | |||
r-release-macos-x86_64 | 2.1.0 | 27.00 | NOTE | |||
r-release-windows-x86_64 | 2.1.0 | 4.00 | 42.00 | 46.00 | NOTE | |
r-oldrel-macos-arm64 | 2.1.0 | 17.00 | OK | |||
r-oldrel-macos-x86_64 | 2.1.0 | 23.00 | OK | |||
r-oldrel-windows-x86_64 | 2.1.0 | 4.00 | 43.00 | 47.00 | OK |
Version: 2.1.0
Check: Rd files
Result: NOTE
checkRd: (-1) NHANES.Rd:278: Lost braces
278 | \code{AgeFirstMarij}{Age participant first tried marijuana. Reported for participants aged 18 to 59 years.}
| ^
Flavors: r-devel-linux-x86_64-debian-clang, r-devel-linux-x86_64-debian-gcc, r-devel-linux-x86_64-fedora-clang, r-devel-linux-x86_64-fedora-gcc, r-devel-windows-x86_64, r-patched-linux-x86_64, r-release-linux-x86_64, r-release-macos-arm64, r-release-macos-x86_64, r-release-windows-x86_64
These binaries (installable software) and packages are in development.
They may not be fully stable and should be used with caution. We make no claims about them.