Last updated on 2025-10-23 21:51:34 CEST.
Flavor | Version | Tinstall | Tcheck | Ttotal | Status | Flags |
---|---|---|---|---|---|---|
r-devel-linux-x86_64-debian-clang | 1.0.0 | 2.78 | 29.84 | 32.62 | NOTE | |
r-devel-linux-x86_64-debian-gcc | 1.0.0 | 2.04 | 21.77 | 23.81 | NOTE | |
r-devel-linux-x86_64-fedora-clang | 1.0.0 | 47.57 | OK | |||
r-devel-linux-x86_64-fedora-gcc | 1.0.0 | 43.62 | OK | |||
r-devel-windows-x86_64 | 1.0.0 | 8.00 | 65.00 | 73.00 | OK | |
r-patched-linux-x86_64 | 1.0.0 | 4.33 | 27.27 | 31.60 | OK | |
r-release-linux-x86_64 | 1.0.0 | 2.95 | 27.67 | 30.62 | OK | |
r-release-macos-arm64 | 1.0.0 | 2.00 | 18.00 | 20.00 | OK | |
r-release-macos-x86_64 | 1.0.0 | 4.00 | 27.00 | 31.00 | OK | |
r-release-windows-x86_64 | 1.0.0 | 8.00 | 67.00 | 75.00 | OK | |
r-oldrel-macos-arm64 | 1.0.0 | 2.00 | 14.00 | 16.00 | OK | |
r-oldrel-macos-x86_64 | 1.0.0 | 4.00 | 23.00 | 27.00 | OK | |
r-oldrel-windows-x86_64 | 1.0.0 | 7.00 | 62.00 | 69.00 | OK |
Version: 1.0.0
Check: CRAN incoming feasibility
Result: NOTE
Maintainer: ‘D. Lukke Sweet <dls229@zips.uakron.edu>’
No Authors@R field in DESCRIPTION.
Please add one, modifying
Authors@R: person(given = c("D.", "Lukke"),
family = "Sweet",
role = c("aut", "cre"),
email = "dls229@zips.uakron.edu")
as necessary.
Flavors: r-devel-linux-x86_64-debian-clang, r-devel-linux-x86_64-debian-gcc
These binaries (installable software) and packages are in development.
They may not be fully stable and should be used with caution. We make no claims about them.