CRAN Package Check Results for Package NHPoisson

Last updated on 2025-11-13 01:50:27 CET.

Flavor Version Tinstall Tcheck Ttotal Status Flags
r-devel-linux-x86_64-debian-clang 3.3 4.65 44.09 48.74 NOTE
r-devel-linux-x86_64-debian-gcc 3.3 2.78 32.41 35.19 NOTE
r-devel-linux-x86_64-fedora-clang 3.3 11.00 65.40 76.40 NOTE
r-devel-linux-x86_64-fedora-gcc 3.3 10.00 61.34 71.34 NOTE
r-devel-windows-x86_64 3.3 8.00 72.00 80.00 NOTE
r-patched-linux-x86_64 3.3 4.67 41.87 46.54 NOTE
r-release-linux-x86_64 3.3 3.83 41.72 45.55 NOTE
r-release-macos-arm64 3.3 3.00 40.00 43.00 NOTE
r-release-macos-x86_64 3.3 4.00 38.00 42.00 NOTE
r-release-windows-x86_64 3.3 6.00 71.00 77.00 NOTE
r-oldrel-macos-arm64 3.3 2.00 24.00 26.00 NOTE
r-oldrel-macos-x86_64 3.3 3.00 33.00 36.00 NOTE
r-oldrel-windows-x86_64 3.3 8.00 80.00 88.00 NOTE

Check Details

Version: 3.3
Check: CRAN incoming feasibility
Result: NOTE Maintainer: ‘Ana C. Cebrian <acebrian@unizar.es>’ No Authors@R field in DESCRIPTION. Please add one, modifying Authors@R: person(given = c("Ana", "C."), family = "Cebrian", role = c("aut", "cre"), email = "acebrian@unizar.es") as necessary. Flavors: r-devel-linux-x86_64-debian-clang, r-devel-linux-x86_64-debian-gcc

Version: 3.3
Check: Rd files
Result: NOTE checkRd: (-1) graphresU.fun.Rd:72: Escaped LaTeX specials: \& Flavors: r-devel-linux-x86_64-debian-clang, r-devel-linux-x86_64-debian-gcc, r-devel-linux-x86_64-fedora-clang, r-devel-linux-x86_64-fedora-gcc, r-devel-windows-x86_64, r-patched-linux-x86_64, r-release-linux-x86_64, r-release-macos-arm64, r-release-macos-x86_64, r-release-windows-x86_64, r-oldrel-macos-arm64, r-oldrel-macos-x86_64, r-oldrel-windows-x86_64

These binaries (installable software) and packages are in development.
They may not be fully stable and should be used with caution. We make no claims about them.