CRAN Package Check Results for Package NHSDataDictionaRy

Last updated on 2025-05-01 12:49:34 CEST.

Flavor Version Tinstall Tcheck Ttotal Status Flags
r-devel-linux-x86_64-debian-clang 1.2.5 4.51 48.90 53.41 OK
r-devel-linux-x86_64-debian-gcc 1.2.5 3.05 37.45 40.50 OK
r-devel-linux-x86_64-fedora-clang 1.2.5 83.72 NOTE
r-devel-linux-x86_64-fedora-gcc 1.2.5 96.20 NOTE
r-devel-windows-x86_64 1.2.5 7.00 71.00 78.00 OK
r-patched-linux-x86_64 1.2.5 4.03 46.65 50.68 OK
r-release-linux-x86_64 OK
r-release-macos-arm64 1.2.5 74.00 OK
r-release-macos-x86_64 1.2.5 107.00 OK
r-release-windows-x86_64 1.2.5 6.00 73.00 79.00 OK
r-oldrel-macos-arm64 1.2.5 85.00 OK
r-oldrel-macos-x86_64 1.2.5 120.00 OK
r-oldrel-windows-x86_64 1.2.5 7.00 83.00 90.00 OK

Check Details

Version: 1.2.5
Check: examples
Result: NA user system elapsed openSafely_listR 0.486 0.008 23.36 OK Flavor: r-devel-linux-x86_64-debian-gcc

Version: 1.2.5
Check: dependencies in R code
Result: NOTE Namespace in Imports field not imported from: ‘tibble’ All declared Imports should be used. Flavors: r-devel-linux-x86_64-fedora-clang, r-devel-linux-x86_64-fedora-gcc

These binaries (installable software) and packages are in development.
They may not be fully stable and should be used with caution. We make no claims about them.