CRAN Package Check Results for Package NHSDataDictionaRy

Last updated on 2025-07-23 21:51:52 CEST.

Flavor Version Tinstall Tcheck Ttotal Status Flags
r-devel-linux-x86_64-debian-clang 1.2.5 4.78 51.00 55.78 OK
r-devel-linux-x86_64-debian-gcc 1.2.5 3.13 37.79 40.92 OK
r-devel-linux-x86_64-fedora-clang 1.2.5 86.65 NOTE
r-devel-linux-x86_64-fedora-gcc 1.2.5 93.62 NOTE
r-devel-windows-x86_64 1.2.5 7.00 72.00 79.00 OK
r-patched-linux-x86_64 1.2.5 4.83 46.37 51.20 OK
r-release-linux-x86_64 1.2.5 4.12 46.34 50.46 OK
r-release-macos-arm64 1.2.5 74.00 OK
r-release-macos-x86_64 1.2.5 107.00 OK
r-release-windows-x86_64 1.2.5 7.00 72.00 79.00 OK
r-oldrel-macos-arm64 1.2.5 85.00 OK
r-oldrel-macos-x86_64 1.2.5 120.00 OK
r-oldrel-windows-x86_64 1.2.5 9.00 86.00 95.00 OK

Check Details

Version: 1.2.5
Check: dependencies in R code
Result: NOTE Namespace in Imports field not imported from: ‘tibble’ All declared Imports should be used. Flavors: r-devel-linux-x86_64-fedora-clang, r-devel-linux-x86_64-fedora-gcc

These binaries (installable software) and packages are in development.
They may not be fully stable and should be used with caution. We make no claims about them.