CRAN Package Check Results for Package NHSRdatasets

Last updated on 2025-05-08 04:52:12 CEST.

Flavor Version Tinstall Tcheck Ttotal Status Flags
r-devel-linux-x86_64-debian-clang 0.3.0 1.81 73.65 75.46 OK
r-devel-linux-x86_64-debian-gcc 0.3.0 1.39 53.42 54.81 OK
r-devel-linux-x86_64-fedora-clang 0.3.0 115.00 NOTE
r-devel-linux-x86_64-fedora-gcc 0.3.0 130.74 NOTE
r-devel-windows-x86_64 0.3.0 3.00 91.00 94.00 OK
r-patched-linux-x86_64 0.3.0 1.66 69.69 71.35 OK
r-release-linux-x86_64 0.3.0 1.71 69.03 70.74 OK
r-release-macos-arm64 0.3.0 59.00 OK
r-release-macos-x86_64 0.3.0 92.00 OK
r-release-windows-x86_64 0.3.0 4.00 92.00 96.00 OK
r-oldrel-macos-arm64 0.3.0 43.00 OK
r-oldrel-macos-x86_64 0.3.0 66.00 OK
r-oldrel-windows-x86_64 0.3.0 3.00 115.00 118.00 OK

Check Details

Version: 0.3.0
Check: dependencies in R code
Result: NOTE Namespace in Imports field not imported from: ‘tibble’ All declared Imports should be used. Flavors: r-devel-linux-x86_64-fedora-clang, r-devel-linux-x86_64-fedora-gcc

These binaries (installable software) and packages are in development.
They may not be fully stable and should be used with caution. We make no claims about them.