Last updated on 2024-07-27 15:50:27 CEST.
Flavor | Version | Tinstall | Tcheck | Ttotal | Status | Flags |
---|---|---|---|---|---|---|
r-devel-linux-x86_64-debian-clang | 0.3.0 | 1.86 | 91.11 | 92.97 | OK | |
r-devel-linux-x86_64-debian-gcc | 0.3.0 | OK | ||||
r-devel-linux-x86_64-fedora-clang | 0.3.0 | 119.78 | NOTE | |||
r-devel-linux-x86_64-fedora-gcc | 0.3.0 | 125.68 | NOTE | |||
r-devel-windows-x86_64 | 0.3.0 | 3.00 | 90.00 | 93.00 | OK | |
r-patched-linux-x86_64 | 0.3.0 | OK | ||||
r-release-linux-x86_64 | 0.3.0 | 2.01 | 89.22 | 91.23 | OK | |
r-release-macos-arm64 | 0.3.0 | 43.00 | OK | |||
r-release-macos-x86_64 | 0.3.0 | 66.00 | OK | |||
r-release-windows-x86_64 | 0.3.0 | 3.00 | 90.00 | 93.00 | OK | |
r-oldrel-macos-arm64 | 0.3.0 | 48.00 | OK | |||
r-oldrel-macos-x86_64 | 0.3.0 | 69.00 | OK | |||
r-oldrel-windows-x86_64 | 0.3.0 | 3.00 | 109.00 | 112.00 | OK |
Version: 0.3.0
Check: dependencies in R code
Result: NOTE
Namespace in Imports field not imported from: ‘tibble’
All declared Imports should be used.
Flavors: r-devel-linux-x86_64-fedora-clang, r-devel-linux-x86_64-fedora-gcc
These binaries (installable software) and packages are in development.
They may not be fully stable and should be used with caution. We make no claims about them.