CRAN Package Check Results for Package NHSRplotthedots

Last updated on 2025-07-24 01:50:28 CEST.

Flavor Version Tinstall Tcheck Ttotal Status Flags
r-devel-linux-x86_64-debian-clang 0.1.0 5.61 136.35 141.96 OK
r-devel-linux-x86_64-debian-gcc 0.1.0 4.62 95.76 100.38 OK
r-devel-linux-x86_64-fedora-clang 0.1.0 220.69 NOTE
r-devel-linux-x86_64-fedora-gcc 0.1.0 224.68 NOTE
r-devel-windows-x86_64 0.1.0 9.00 126.00 135.00 OK
r-patched-linux-x86_64 0.1.0 4.72 127.98 132.70 OK
r-release-linux-x86_64 0.1.0 5.24 128.43 133.67 OK
r-release-macos-arm64 0.1.0 60.00 OK
r-release-macos-x86_64 0.1.0 112.00 OK
r-release-windows-x86_64 0.1.0 8.00 128.00 136.00 OK
r-oldrel-macos-arm64 0.1.0 61.00 OK
r-oldrel-macos-x86_64 0.1.0 132.00 OK
r-oldrel-windows-x86_64 0.1.0 10.00 169.00 179.00 OK

Check Details

Version: 0.1.0
Check: dependencies in R code
Result: NOTE Namespaces in Imports field not imported from: ‘NHSRdatasets’ ‘grid’ ‘utils’ All declared Imports should be used. Flavors: r-devel-linux-x86_64-fedora-clang, r-devel-linux-x86_64-fedora-gcc

These binaries (installable software) and packages are in development.
They may not be fully stable and should be used with caution. We make no claims about them.