Last updated on 2025-05-21 23:48:49 CEST.
Flavor | Version | Tinstall | Tcheck | Ttotal | Status | Flags |
---|---|---|---|---|---|---|
r-devel-linux-x86_64-debian-clang | 0.1.0 | 6.05 | 139.84 | 145.89 | OK | |
r-devel-linux-x86_64-debian-gcc | 0.1.0 | 3.64 | 95.29 | 98.93 | OK | |
r-devel-linux-x86_64-fedora-clang | 0.1.0 | 220.07 | NOTE | |||
r-devel-linux-x86_64-fedora-gcc | 0.1.0 | 225.10 | NOTE | |||
r-devel-windows-x86_64 | 0.1.0 | 8.00 | 131.00 | 139.00 | OK | |
r-patched-linux-x86_64 | 0.1.0 | 5.88 | 127.32 | 133.20 | OK | |
r-release-linux-x86_64 | 0.1.0 | 5.29 | 128.15 | 133.44 | OK | |
r-release-macos-arm64 | 0.1.0 | 60.00 | OK | |||
r-release-macos-x86_64 | 0.1.0 | 112.00 | OK | |||
r-release-windows-x86_64 | 0.1.0 | 8.00 | 135.00 | 143.00 | OK | |
r-oldrel-macos-arm64 | 0.1.0 | 61.00 | OK | |||
r-oldrel-macos-x86_64 | 0.1.0 | 132.00 | OK | |||
r-oldrel-windows-x86_64 | 0.1.0 | 9.00 | 171.00 | 180.00 | OK |
Version: 0.1.0
Check: dependencies in R code
Result: NOTE
Namespaces in Imports field not imported from:
‘NHSRdatasets’ ‘grid’ ‘utils’
All declared Imports should be used.
Flavors: r-devel-linux-x86_64-fedora-clang, r-devel-linux-x86_64-fedora-gcc
These binaries (installable software) and packages are in development.
They may not be fully stable and should be used with caution. We make no claims about them.