Last updated on 2025-10-23 15:50:02 CEST.
Flavor | Version | Tinstall | Tcheck | Ttotal | Status | Flags |
---|---|---|---|---|---|---|
r-devel-linux-x86_64-debian-clang | 0.2.2 | 7.32 | 115.87 | 123.19 | NOTE | |
r-devel-linux-x86_64-debian-gcc | 0.2.2 | 5.10 | 81.90 | 87.00 | OK | |
r-devel-linux-x86_64-fedora-clang | 0.2.2 | 18.00 | 172.69 | 190.69 | OK | |
r-devel-linux-x86_64-fedora-gcc | 0.2.2 | 15.00 | 173.62 | 188.62 | OK | |
r-devel-windows-x86_64 | 0.2.2 | 9.00 | 110.00 | 119.00 | OK | |
r-patched-linux-x86_64 | 0.2.2 | 6.50 | 107.16 | 113.66 | OK | |
r-release-linux-x86_64 | 0.2.2 | 6.86 | 106.08 | 112.94 | OK | |
r-release-macos-arm64 | 0.2.2 | 3.00 | 73.00 | 76.00 | OK | |
r-release-macos-x86_64 | 0.2.2 | 13.00 | 173.00 | 186.00 | OK | |
r-release-windows-x86_64 | 0.2.2 | 11.00 | 113.00 | 124.00 | OK | |
r-oldrel-macos-arm64 | 0.2.2 | 3.00 | 56.00 | 59.00 | OK | |
r-oldrel-macos-x86_64 | 0.2.2 | 13.00 | 206.00 | 219.00 | OK | |
r-oldrel-windows-x86_64 | 0.2.2 | 11.00 | 140.00 | 151.00 | OK |
Version: 0.2.2
Check: HTML version of manual
Result: NOTE
Found the following HTML validation problems:
geom_ptd_icon.html:63:1 (geom_ptd_icon.Rd:21): Warning: missing </ul> before </div>
Flavor: r-devel-linux-x86_64-debian-clang
These binaries (installable software) and packages are in development.
They may not be fully stable and should be used with caution. We make no claims about them.