Last updated on 2024-07-27 15:50:27 CEST.
Flavor | Version | Tinstall | Tcheck | Ttotal | Status | Flags |
---|---|---|---|---|---|---|
r-devel-linux-x86_64-debian-clang | 0.2.1 | 29.75 | 360.66 | 390.41 | OK | |
r-devel-linux-x86_64-debian-gcc | 0.2.1 | NOTE | ||||
r-devel-linux-x86_64-fedora-clang | 0.2.1 | 500.26 | NOTE | |||
r-devel-linux-x86_64-fedora-gcc | 0.2.1 | 487.30 | NOTE | |||
r-devel-windows-x86_64 | 0.2.1 | 24.00 | 261.00 | 285.00 | NOTE | |
r-patched-linux-x86_64 | 0.2.1 | OK | ||||
r-release-linux-x86_64 | 0.2.1 | 18.10 | 353.65 | 371.75 | OK | |
r-release-macos-arm64 | 0.2.1 | 144.00 | NOTE | |||
r-release-macos-x86_64 | 0.2.1 | 203.00 | NOTE | |||
r-release-windows-x86_64 | 0.2.1 | 25.00 | 260.00 | 285.00 | NOTE | |
r-oldrel-macos-arm64 | 0.2.1 | 143.00 | NOTE | |||
r-oldrel-macos-x86_64 | 0.2.1 | 258.00 | NOTE | |||
r-oldrel-windows-x86_64 | 0.2.1 | 32.00 | 334.00 | 366.00 | NOTE |
Version: 0.2.1
Check: Rd cross-references
Result: NOTE
Found the following Rd file(s) with Rd \link{} targets missing package
anchors:
plotIncMatrix.Rd: scale_fill_distiller
Please provide package anchors for all Rd \link{} targets not in the
package itself and the base packages.
Flavors: r-devel-linux-x86_64-debian-gcc, r-devel-windows-x86_64
Version: 0.2.1
Check: installed package size
Result: NOTE
installed size is 5.2Mb
sub-directories of 1Mb or more:
doc 4.0Mb
Flavors: r-devel-linux-x86_64-fedora-clang, r-devel-windows-x86_64, r-release-macos-arm64, r-release-macos-x86_64, r-release-windows-x86_64, r-oldrel-macos-arm64, r-oldrel-macos-x86_64, r-oldrel-windows-x86_64
Version: 0.2.1
Check: data for non-ASCII characters
Result: NOTE
Note: found 24 marked UTF-8 strings
Flavors: r-devel-linux-x86_64-fedora-clang, r-devel-linux-x86_64-fedora-gcc
These binaries (installable software) and packages are in development.
They may not be fully stable and should be used with caution. We make no claims about them.