Last updated on 2025-02-16 10:50:53 CET.
Flavor | Version | Tinstall | Tcheck | Ttotal | Status | Flags |
---|---|---|---|---|---|---|
r-devel-linux-x86_64-debian-clang | 1.0.1 | 11.96 | 108.47 | 120.43 | NOTE | |
r-devel-linux-x86_64-debian-gcc | 1.0.1 | 7.59 | 73.22 | 80.81 | NOTE | |
r-devel-linux-x86_64-fedora-clang | 1.0.1 | 194.68 | NOTE | |||
r-devel-linux-x86_64-fedora-gcc | 1.0.1 | 180.50 | NOTE | |||
r-devel-macos-arm64 | 1.0.1 | 52.00 | NOTE | |||
r-devel-macos-x86_64 | 1.0.1 | 139.00 | NOTE | |||
r-devel-windows-x86_64 | 1.0.1 | 20.00 | 285.00 | 305.00 | NOTE | |
r-patched-linux-x86_64 | 1.0.1 | 23.69 | 101.97 | 125.66 | NOTE | |
r-release-linux-x86_64 | 1.0.1 | 10.31 | 102.78 | 113.09 | NOTE | |
r-release-macos-arm64 | 1.0.1 | 52.00 | NOTE | |||
r-release-macos-x86_64 | 1.0.1 | 96.00 | NOTE | |||
r-release-windows-x86_64 | 1.0.1 | 17.00 | 276.00 | 293.00 | NOTE | |
r-oldrel-macos-arm64 | 1.0.1 | 49.00 | NOTE | |||
r-oldrel-macos-x86_64 | 1.0.1 | 95.00 | NOTE | |||
r-oldrel-windows-x86_64 | 1.0.1 | 19.00 | 318.00 | 337.00 | NOTE |
Version: 1.0.1
Check: DESCRIPTION meta-information
Result: NOTE
Malformed Description field: should contain one or more complete sentences.
Flavors: r-devel-linux-x86_64-debian-clang, r-devel-linux-x86_64-debian-gcc, r-devel-linux-x86_64-fedora-clang, r-devel-linux-x86_64-fedora-gcc, r-devel-macos-arm64, r-devel-macos-x86_64, r-devel-windows-x86_64, r-patched-linux-x86_64, r-release-linux-x86_64, r-release-macos-arm64, r-release-macos-x86_64, r-release-windows-x86_64, r-oldrel-macos-arm64, r-oldrel-macos-x86_64, r-oldrel-windows-x86_64
These binaries (installable software) and packages are in development.
They may not be fully stable and should be used with caution. We make no claims about them.