Last updated on 2025-10-23 17:50:55 CEST.
Flavor | Version | Tinstall | Tcheck | Ttotal | Status | Flags |
---|---|---|---|---|---|---|
r-devel-linux-x86_64-debian-clang | 1.0.1 | 10.29 | 140.34 | 150.63 | NOTE | |
r-devel-linux-x86_64-debian-gcc | 1.0.1 | 7.27 | 90.69 | 97.96 | NOTE | |
r-devel-linux-x86_64-fedora-clang | 1.0.1 | 27.00 | 182.97 | 209.97 | NOTE | |
r-devel-linux-x86_64-fedora-gcc | 1.0.1 | 22.00 | 167.59 | 189.59 | NOTE | |
r-devel-windows-x86_64 | 1.0.1 | 19.00 | 304.00 | 323.00 | NOTE | |
r-patched-linux-x86_64 | 1.0.1 | 22.25 | 127.64 | 149.89 | NOTE | |
r-release-linux-x86_64 | 1.0.1 | 10.12 | 128.33 | 138.45 | NOTE | |
r-release-macos-arm64 | 1.0.1 | 5.00 | 49.00 | 54.00 | NOTE | |
r-release-macos-x86_64 | 1.0.1 | 13.00 | 112.00 | 125.00 | NOTE | |
r-release-windows-x86_64 | 1.0.1 | 20.00 | 303.00 | 323.00 | NOTE | |
r-oldrel-macos-arm64 | 1.0.1 | 5.00 | 47.00 | 52.00 | NOTE | |
r-oldrel-macos-x86_64 | 1.0.1 | 10.00 | 86.00 | 96.00 | NOTE | |
r-oldrel-windows-x86_64 | 1.0.1 | 17.00 | 276.00 | 293.00 | NOTE |
Version: 1.0.1
Check: DESCRIPTION meta-information
Result: NOTE
Malformed Description field: should contain one or more complete sentences.
Flavors: r-devel-linux-x86_64-debian-clang, r-devel-linux-x86_64-debian-gcc, r-devel-linux-x86_64-fedora-clang, r-devel-linux-x86_64-fedora-gcc, r-devel-windows-x86_64, r-patched-linux-x86_64, r-release-linux-x86_64, r-release-macos-arm64, r-release-macos-x86_64, r-release-windows-x86_64, r-oldrel-macos-arm64, r-oldrel-macos-x86_64, r-oldrel-windows-x86_64
These binaries (installable software) and packages are in development.
They may not be fully stable and should be used with caution. We make no claims about them.