Last updated on 2025-05-01 14:49:16 CEST.
Flavor | Version | Tinstall | Tcheck | Ttotal | Status | Flags |
---|---|---|---|---|---|---|
r-devel-linux-x86_64-debian-clang | 0.2.0 | 13.67 | 122.21 | 135.88 | NOTE | |
r-devel-linux-x86_64-debian-gcc | 0.2.0 | 10.04 | 86.83 | 96.87 | OK | |
r-devel-linux-x86_64-fedora-clang | 0.2.0 | 217.50 | OK | |||
r-devel-linux-x86_64-fedora-gcc | 0.2.0 | 217.38 | OK | |||
r-devel-windows-x86_64 | 0.2.0 | 15.00 | 128.00 | 143.00 | OK | |
r-patched-linux-x86_64 | 0.2.0 | 15.21 | 114.15 | 129.36 | OK | |
r-release-linux-x86_64 | OK | |||||
r-release-macos-arm64 | 0.2.0 | 57.00 | OK | |||
r-release-macos-x86_64 | 0.2.0 | 143.00 | OK | |||
r-release-windows-x86_64 | 0.2.0 | 15.00 | 130.00 | 145.00 | OK | |
r-oldrel-macos-arm64 | 0.2.0 | 59.00 | OK | |||
r-oldrel-macos-x86_64 | 0.2.0 | 130.00 | OK | |||
r-oldrel-windows-x86_64 | 0.2.0 | 20.00 | 166.00 | 186.00 | OK |
Version: 0.2.0
Check: examples
Result: NOTE
Examples with CPU (user + system) or elapsed time > 5s
user system elapsed
Qnetplot 7.114 0.099 9.376
Flavor: r-devel-linux-x86_64-debian-clang
Version: 0.2.0
Check: examples
Result: NA
user system elapsed
Qnetplot 4.337 0.225 5.582
OK
Flavor: r-devel-linux-x86_64-debian-gcc
These binaries (installable software) and packages are in development.
They may not be fully stable and should be used with caution. We make no claims about them.