CRAN Package Check Results for Package NMFN

Last updated on 2025-05-01 12:49:35 CEST.

Flavor Version Tinstall Tcheck Ttotal Status Flags
r-devel-linux-x86_64-debian-clang 2.0.1 1.65 19.51 21.16 NOTE
r-devel-linux-x86_64-debian-gcc 2.0.1 1.45 15.31 16.76 NOTE
r-devel-linux-x86_64-fedora-clang 2.0.1 33.31 OK
r-devel-linux-x86_64-fedora-gcc 2.0.1 31.89 OK
r-devel-windows-x86_64 2.0.1 3.00 44.00 47.00 OK
r-patched-linux-x86_64 2.0.1 1.67 18.73 20.40 OK
r-release-linux-x86_64 OK
r-release-macos-arm64 2.0.1 15.00 OK
r-release-macos-x86_64 2.0.1 26.00 OK
r-release-windows-x86_64 2.0.1 4.00 44.00 48.00 OK
r-oldrel-macos-arm64 2.0.1 19.00 OK
r-oldrel-macos-x86_64 2.0.1 21.00 OK
r-oldrel-windows-x86_64 2.0.1 3.00 42.00 45.00 OK

Check Details

Version: 2.0.1
Check: CRAN incoming feasibility
Result: NOTE Maintainer: ‘Suhai (Timothy) Liu <tim.liu@alumni.duke.edu>’ No Authors@R field in DESCRIPTION. Please add one, modifying Authors@R: c(person(given = "Suhai", family = "Liu", role = "aut", comment = "Timothy"), person(given = "Suhai", family = "Liu", role = "cre", email = "tim.liu@alumni.duke.edu", comment = "Timothy")) as necessary. Flavors: r-devel-linux-x86_64-debian-clang, r-devel-linux-x86_64-debian-gcc

These binaries (installable software) and packages are in development.
They may not be fully stable and should be used with caution. We make no claims about them.