Last updated on 2025-05-01 14:49:16 CEST.
Flavor | Version | Tinstall | Tcheck | Ttotal | Status | Flags |
---|---|---|---|---|---|---|
r-devel-linux-x86_64-debian-clang | 0.2.1 | 9.69 | 85.01 | 94.70 | OK | |
r-devel-linux-x86_64-debian-gcc | 0.2.1 | 6.46 | 58.57 | 65.03 | OK | |
r-devel-linux-x86_64-fedora-clang | 0.2.1 | 162.06 | OK | |||
r-devel-linux-x86_64-fedora-gcc | 0.2.1 | 153.68 | OK | |||
r-devel-windows-x86_64 | 0.2.1 | 10.00 | 104.00 | 114.00 | OK | |
r-patched-linux-x86_64 | 0.2.1 | 9.47 | 77.77 | 87.24 | OK | |
r-release-linux-x86_64 | OK | |||||
r-release-macos-arm64 | 0.2.1 | 48.00 | OK | |||
r-release-macos-x86_64 | 0.2.1 | 146.00 | OK | |||
r-release-windows-x86_64 | 0.2.1 | 11.00 | 105.00 | 116.00 | OK | |
r-oldrel-macos-arm64 | 0.2.1 | 46.00 | NOTE | |||
r-oldrel-macos-x86_64 | 0.2.1 | 116.00 | NOTE | |||
r-oldrel-windows-x86_64 | 0.2.1 | 13.00 | 124.00 | 137.00 | NOTE |
Version: 0.2.1
Check: package dependencies
Result: NOTE
Package suggested but not available for checking: ‘simpar’
Flavors: r-oldrel-macos-arm64, r-oldrel-macos-x86_64, r-oldrel-windows-x86_64
These binaries (installable software) and packages are in development.
They may not be fully stable and should be used with caution. We make no claims about them.