CRAN Package Check Results for Package NNMIS

Last updated on 2025-07-27 01:48:28 CEST.

Flavor Version Tinstall Tcheck Ttotal Status Flags
r-devel-linux-x86_64-debian-clang 1.0.1 2.36 25.76 28.12 NOTE
r-devel-linux-x86_64-debian-gcc 1.0.1 1.80 20.12 21.92 NOTE
r-devel-linux-x86_64-fedora-clang 1.0.1 43.83 OK
r-devel-linux-x86_64-fedora-gcc 1.0.1 42.39 OK
r-devel-windows-x86_64 1.0.1 3.00 51.00 54.00 OK
r-patched-linux-x86_64 1.0.1 2.38 24.45 26.83 OK
r-release-linux-x86_64 1.0.1 2.25 24.64 26.89 OK
r-release-macos-arm64 1.0.1 20.00 OK
r-release-macos-x86_64 1.0.1 30.00 OK
r-release-windows-x86_64 1.0.1 3.00 47.00 50.00 OK
r-oldrel-macos-arm64 1.0.1 17.00 NOTE
r-oldrel-macos-x86_64 1.0.1 24.00 NOTE
r-oldrel-windows-x86_64 1.0.1 4.00 52.00 56.00 NOTE

Check Details

Version: 1.0.1
Check: CRAN incoming feasibility
Result: NOTE Maintainer: ‘Chiu-Hsieh Hsu <pablo1639@gmail.com>’ No Authors@R field in DESCRIPTION. Please add one, modifying Authors@R: c(person(given = "Di", family = "Ran", role = "aut"), person(given = "Chiu-Hsieh", family = "Hsu", role = c("aut", "cre"), email = "pablo1639@gmail.com"), person(given = "Mandi", family = "Yu", role = "aut")) as necessary. Flavors: r-devel-linux-x86_64-debian-clang, r-devel-linux-x86_64-debian-gcc

Version: 1.0.1
Check: LazyData
Result: NOTE 'LazyData' is specified without a 'data' directory Flavors: r-oldrel-macos-arm64, r-oldrel-macos-x86_64, r-oldrel-windows-x86_64

These binaries (installable software) and packages are in development.
They may not be fully stable and should be used with caution. We make no claims about them.