Last updated on 2025-11-11 17:50:07 CET.
| Flavor | Version | Tinstall | Tcheck | Ttotal | Status | Flags |
|---|---|---|---|---|---|---|
| r-devel-linux-x86_64-debian-clang | 11.6.2 | 69.93 | 157.58 | 227.51 | OK | |
| r-devel-linux-x86_64-debian-gcc | 11.6.2 | 55.89 | 112.01 | 167.90 | OK | |
| r-devel-linux-x86_64-fedora-clang | 11.6.2 | 128.00 | 251.79 | 379.79 | OK | |
| r-devel-linux-x86_64-fedora-gcc | 11.6.2 | 120.00 | 267.89 | 387.89 | OK | |
| r-devel-windows-x86_64 | 11.6.2 | 95.00 | 184.00 | 279.00 | OK | |
| r-patched-linux-x86_64 | 11.6.2 | 82.86 | 148.26 | 231.12 | OK | |
| r-release-linux-x86_64 | 11.6.2 | 74.29 | 148.38 | 222.67 | OK | |
| r-release-macos-arm64 | 11.6.2 | 32.00 | 78.00 | 110.00 | OK | |
| r-release-macos-x86_64 | 11.6.2 | 33.00 | 200.00 | 233.00 | OK | |
| r-release-windows-x86_64 | 11.6.2 | 96.00 | 181.00 | 277.00 | OK | |
| r-oldrel-macos-arm64 | 11.6.2 | 31.00 | 84.00 | 115.00 | NOTE | |
| r-oldrel-macos-x86_64 | 11.6.2 | 28.00 | 197.00 | 225.00 | NOTE | |
| r-oldrel-windows-x86_64 | 11.6.2 | 107.00 | 225.00 | 332.00 | NOTE |
Version: 11.6.2
Check: installed package size
Result: NOTE
installed size is 8.2Mb
sub-directories of 1Mb or more:
doc 1.6Mb
libs 6.0Mb
Flavors: r-oldrel-macos-arm64, r-oldrel-macos-x86_64
Version: 11.6.2
Check: for GNU extensions in Makefiles
Result: NOTE
GNU make is a SystemRequirements.
Flavors: r-oldrel-macos-arm64, r-oldrel-macos-x86_64, r-oldrel-windows-x86_64
These binaries (installable software) and packages are in development.
They may not be fully stable and should be used with caution. We make no claims about them.