Last updated on 2025-11-09 21:49:57 CET.
| Flavor | Version | Tinstall | Tcheck | Ttotal | Status | Flags |
|---|---|---|---|---|---|---|
| r-devel-linux-x86_64-debian-clang | 0.29.11 | 6.87 | 71.78 | 78.65 | NOTE | |
| r-devel-linux-x86_64-debian-gcc | 0.29.11 | 5.19 | 49.99 | 55.18 | NOTE | |
| r-devel-linux-x86_64-fedora-clang | 0.29.11 | 15.00 | 115.48 | 130.48 | NOTE | |
| r-devel-linux-x86_64-fedora-gcc | 0.29.11 | 16.00 | 116.81 | 132.81 | NOTE | |
| r-devel-windows-x86_64 | 0.29.11 | 10.00 | 81.00 | 91.00 | NOTE | |
| r-patched-linux-x86_64 | 0.29.11 | 7.78 | 67.71 | 75.49 | NOTE | |
| r-release-linux-x86_64 | 0.29.11 | 7.23 | 68.80 | 76.03 | NOTE | |
| r-release-macos-arm64 | 0.29.11 | 4.00 | 55.00 | 59.00 | NOTE | |
| r-release-macos-x86_64 | 0.29.11 | 7.00 | 82.00 | 89.00 | NOTE | |
| r-release-windows-x86_64 | 0.29.11 | 10.00 | 78.00 | 88.00 | NOTE | |
| r-oldrel-macos-arm64 | 0.29.11 | 3.00 | 36.00 | 39.00 | NOTE | |
| r-oldrel-macos-x86_64 | 0.29.11 | 5.00 | 57.00 | 62.00 | NOTE | |
| r-oldrel-windows-x86_64 | 0.29.11 | 11.00 | 104.00 | 115.00 | NOTE |
Version: 0.29.11
Check: CRAN incoming feasibility
Result: NOTE
Maintainer: ‘Roger Day <day01@pitt.edu>’
No Authors@R field in DESCRIPTION.
Please add one, modifying
Authors@R: person(given = "Roger",
family = "Day",
role = c("aut", "cre"),
email = "day01@pitt.edu")
as necessary.
Flavors: r-devel-linux-x86_64-debian-clang, r-devel-linux-x86_64-debian-gcc
Version: 0.29.11
Check: Rd files
Result: NOTE
checkRd: (-1) ROCplots.Rd:35: Lost braces in \itemize; meant \describe ?
checkRd: (-1) ROCplots.Rd:36: Lost braces in \itemize; meant \describe ?
checkRd: (-1) ROCplots.Rd:37: Lost braces in \itemize; meant \describe ?
checkRd: (-1) ROCplots.Rd:38: Lost braces in \itemize; meant \describe ?
checkRd: (-1) ROCplots.Rd:39: Lost braces in \itemize; meant \describe ?
checkRd: (-1) ROCplots.Rd:40: Lost braces in \itemize; meant \describe ?
Flavors: r-devel-linux-x86_64-debian-clang, r-devel-linux-x86_64-debian-gcc, r-devel-linux-x86_64-fedora-clang, r-devel-linux-x86_64-fedora-gcc, r-devel-windows-x86_64, r-patched-linux-x86_64, r-release-linux-x86_64, r-release-macos-arm64, r-release-macos-x86_64, r-release-windows-x86_64, r-oldrel-macos-arm64, r-oldrel-macos-x86_64, r-oldrel-windows-x86_64
These binaries (installable software) and packages are in development.
They may not be fully stable and should be used with caution. We make no claims about them.