Last updated on 2025-05-01 14:49:16 CEST.
Flavor | Version | Tinstall | Tcheck | Ttotal | Status | Flags |
---|---|---|---|---|---|---|
r-devel-linux-x86_64-debian-clang | 0.1.8.7 | 9.77 | 78.33 | 88.10 | NOTE | |
r-devel-linux-x86_64-debian-gcc | 0.1.8.7 | 6.79 | 57.05 | 63.84 | NOTE | |
r-devel-linux-x86_64-fedora-clang | 0.1.8.7 | 137.28 | OK | |||
r-devel-linux-x86_64-fedora-gcc | 0.1.8.7 | 137.93 | OK | |||
r-devel-windows-x86_64 | 0.1.8.7 | 10.00 | 88.00 | 98.00 | OK | |
r-patched-linux-x86_64 | 0.1.8.7 | 9.56 | 74.42 | 83.98 | OK | |
r-release-linux-x86_64 | OK | |||||
r-release-macos-arm64 | 0.1.8.7 | 43.00 | OK | |||
r-release-macos-x86_64 | 0.1.8.7 | 78.00 | OK | |||
r-release-windows-x86_64 | 0.1.8.7 | 11.00 | 88.00 | 99.00 | OK | |
r-oldrel-macos-arm64 | 0.1.8.7 | 41.00 | OK | |||
r-oldrel-macos-x86_64 | 0.1.8.7 | 60.00 | OK | |||
r-oldrel-windows-x86_64 | 0.1.8.7 | 13.00 | 112.00 | 125.00 | OK |
Version: 0.1.8.7
Check: CRAN incoming feasibility
Result: NOTE
Maintainer: ‘Brian P. O'Connor <brian.oconnor@ubc.ca>’
No Authors@R field in DESCRIPTION.
Please add one, modifying
Authors@R: person(given = c("Brian", "P."),
family = "O'Connor",
role = c("aut", "cre"),
email = "brian.oconnor@ubc.ca")
as necessary.
Flavors: r-devel-linux-x86_64-debian-clang, r-devel-linux-x86_64-debian-gcc
These binaries (installable software) and packages are in development.
They may not be fully stable and should be used with caution. We make no claims about them.