CRAN Package Check Results for Package NORMA

Last updated on 2025-02-16 10:50:53 CET.

Flavor Version Tinstall Tcheck Ttotal Status Flags
r-devel-linux-x86_64-debian-clang 0.1 2.04 18.91 20.95 NOTE
r-devel-linux-x86_64-debian-gcc 0.1 1.53 14.97 16.50 NOTE
r-devel-linux-x86_64-fedora-clang 0.1 34.63 NOTE
r-devel-linux-x86_64-fedora-gcc 0.1 31.92 NOTE
r-devel-macos-arm64 0.1 15.00 NOTE
r-devel-macos-x86_64 0.1 28.00 NOTE
r-devel-windows-x86_64 0.1 3.00 40.00 43.00 NOTE
r-patched-linux-x86_64 0.1 2.96 18.16 21.12 NOTE
r-release-linux-x86_64 0.1 1.78 18.08 19.86 NOTE
r-release-macos-arm64 0.1 14.00 NOTE
r-release-macos-x86_64 0.1 20.00 NOTE
r-release-windows-x86_64 0.1 3.00 39.00 42.00 NOTE
r-oldrel-macos-arm64 0.1 18.00 NOTE
r-oldrel-macos-x86_64 0.1 19.00 NOTE
r-oldrel-windows-x86_64 0.1 5.00 39.00 44.00 NOTE

Check Details

Version: 0.1
Check: Rd files
Result: NOTE checkRd: (-1) mle_parameters.Rd:36: Lost braces in \itemize; meant \describe ? checkRd: (-1) mle_parameters.Rd:37: Lost braces in \itemize; meant \describe ? checkRd: (-1) mle_parameters.Rd:38: Lost braces in \itemize; meant \describe ? checkRd: (-1) mle_parameters.Rd:39: Lost braces in \itemize; meant \describe ? checkRd: (-1) mle_parameters.Rd:40: Lost braces in \itemize; meant \describe ? checkRd: (-1) mle_parameters.Rd:41: Lost braces in \itemize; meant \describe ? checkRd: (-1) mle_parameters.Rd:42: Lost braces in \itemize; meant \describe ? Flavors: r-devel-linux-x86_64-debian-clang, r-devel-linux-x86_64-debian-gcc, r-devel-linux-x86_64-fedora-clang, r-devel-linux-x86_64-fedora-gcc, r-devel-macos-arm64, r-devel-macos-x86_64, r-devel-windows-x86_64, r-patched-linux-x86_64, r-release-linux-x86_64, r-release-macos-arm64, r-release-macos-x86_64, r-release-windows-x86_64

Version: 0.1
Check: Rd cross-references
Result: NOTE Found the following Rd file(s) with Rd \link{} targets missing package anchors: mle_parameters.Rd: multiroot Please provide package anchors for all Rd \link{} targets not in the package itself and the base packages. Flavors: r-devel-linux-x86_64-debian-clang, r-devel-linux-x86_64-debian-gcc, r-devel-windows-x86_64

Version: 0.1
Check: LazyData
Result: NOTE 'LazyData' is specified without a 'data' directory Flavors: r-patched-linux-x86_64, r-release-linux-x86_64, r-release-macos-arm64, r-release-macos-x86_64, r-release-windows-x86_64, r-oldrel-macos-arm64, r-oldrel-macos-x86_64, r-oldrel-windows-x86_64

These binaries (installable software) and packages are in development.
They may not be fully stable and should be used with caution. We make no claims about them.