CRAN Package Check Results for Package NPBayesImputeCat

Last updated on 2025-02-16 10:50:53 CET.

Flavor Version Tinstall Tcheck Ttotal Status Flags
r-devel-linux-x86_64-debian-clang 0.5 32.63 56.22 88.85 NOTE
r-devel-linux-x86_64-debian-gcc 0.5 23.02 42.37 65.39 NOTE
r-devel-linux-x86_64-fedora-clang 0.5 167.46 NOTE
r-devel-linux-x86_64-fedora-gcc 0.5 149.93 NOTE
r-devel-macos-arm64 0.5 45.00 NOTE
r-devel-macos-x86_64 0.5 70.00 NOTE
r-devel-windows-x86_64 0.5 40.00 91.00 131.00 NOTE
r-patched-linux-x86_64 0.5 35.65 51.18 86.83 NOTE
r-release-linux-x86_64 0.5 33.25 50.77 84.02 NOTE
r-release-macos-arm64 0.5 46.00 NOTE
r-release-macos-x86_64 0.5 58.00 NOTE
r-release-windows-x86_64 0.5 42.00 92.00 134.00 NOTE
r-oldrel-macos-arm64 0.5 50.00 OK
r-oldrel-macos-x86_64 0.5 81.00 OK
r-oldrel-windows-x86_64 0.5 51.00 135.00 186.00 OK

Check Details

Version: 0.5
Check: Rd files
Result: NOTE checkRd: (-1) Lcm.Rd:75: Lost braces 75 | \item{\code{GetTrace()}:}{retrieve all traced iterations. Returns a list with all the parameters set using the method SetTrace(). See description of snapshot{reference} method for a description of the parameters. } | ^ Flavors: r-devel-linux-x86_64-debian-clang, r-devel-linux-x86_64-debian-gcc, r-devel-linux-x86_64-fedora-clang, r-devel-linux-x86_64-fedora-gcc, r-devel-macos-arm64, r-devel-macos-x86_64, r-devel-windows-x86_64, r-patched-linux-x86_64, r-release-linux-x86_64, r-release-macos-arm64, r-release-macos-x86_64, r-release-windows-x86_64

Version: 0.5
Check: Rd cross-references
Result: NOTE Found the following Rd file(s) with Rd \link{} targets missing package anchors: Lcm.Rd: C++Object-class Please provide package anchors for all Rd \link{} targets not in the package itself and the base packages. Flavors: r-devel-linux-x86_64-debian-clang, r-devel-linux-x86_64-debian-gcc, r-devel-windows-x86_64

Version: 0.5
Check: for unstated dependencies in ‘demo’
Result: NOTE 'library' or 'require' call not declared from: ‘coda’ Flavors: r-devel-linux-x86_64-debian-clang, r-devel-linux-x86_64-debian-gcc

These binaries (installable software) and packages are in development.
They may not be fully stable and should be used with caution. We make no claims about them.