CRAN Package Check Results for Package NPCirc

Last updated on 2025-02-16 10:50:53 CET.

Flavor Version Tinstall Tcheck Ttotal Status Flags
r-devel-linux-x86_64-debian-clang 3.1.1 83.39 116.73 200.12 NOTE
r-devel-linux-x86_64-debian-gcc 3.1.1 46.10 89.12 135.22 NOTE
r-devel-linux-x86_64-fedora-clang 3.1.1 332.65 NOTE
r-devel-linux-x86_64-fedora-gcc 3.1.1 312.18 NOTE
r-devel-macos-arm64 3.1.1 114.00 NOTE
r-devel-macos-x86_64 3.1.1 211.00 NOTE
r-devel-windows-x86_64 3.1.1 63.00 131.00 194.00 NOTE
r-patched-linux-x86_64 3.1.1 67.22 109.39 176.61 NOTE
r-release-linux-x86_64 3.1.1 61.76 109.61 171.37 NOTE
r-release-macos-arm64 3.1.1 108.00 NOTE
r-release-macos-x86_64 3.1.1 130.00 NOTE
r-release-windows-x86_64 3.1.1 61.00 140.00 201.00 NOTE
r-oldrel-macos-arm64 3.1.1 81.00 NOTE
r-oldrel-macos-x86_64 3.1.1 130.00 NOTE
r-oldrel-windows-x86_64 3.1.1 78.00 154.00 232.00 NOTE

Check Details

Version: 3.1.1
Check: C++ specification
Result: NOTE Specified C++11: please drop specification unless essential Flavors: r-devel-linux-x86_64-debian-clang, r-devel-linux-x86_64-debian-gcc, r-devel-linux-x86_64-fedora-clang, r-devel-linux-x86_64-fedora-gcc, r-devel-macos-arm64, r-devel-macos-x86_64, r-devel-windows-x86_64, r-patched-linux-x86_64, r-release-linux-x86_64, r-release-macos-arm64, r-release-macos-x86_64, r-release-windows-x86_64, r-oldrel-macos-arm64, r-oldrel-macos-x86_64, r-oldrel-windows-x86_64

Version: 3.1.1
Check: Rd files
Result: NOTE checkRd: (-1) plot.regression.circular.Rd:35: Lost braces 35 | code{plot.type="circle"} and \code{x} is the output of \code{\link{kern.reg.circ.lin}}) or to \code{\link{lines3d}} (if \code{plot.type="circle"}) | ^ Flavors: r-devel-linux-x86_64-debian-clang, r-devel-linux-x86_64-debian-gcc, r-devel-linux-x86_64-fedora-clang, r-devel-linux-x86_64-fedora-gcc, r-devel-macos-arm64, r-devel-macos-x86_64, r-devel-windows-x86_64, r-patched-linux-x86_64, r-release-linux-x86_64, r-release-macos-arm64, r-release-macos-x86_64, r-release-windows-x86_64

Version: 3.1.1
Check: Rd cross-references
Result: NOTE Found the following Rd file(s) with Rd \link{} targets missing package anchors: ancova.circ.lin.Rd: circular bw.AA.Rd: circular, density.circular bw.CV.Rd: circular bw.boot.Rd: circular bw.circ.local.lik.Rd: circular bw.pi.Rd: circular bw.reg.circ.lin.Rd: circular bw.rt.Rd: circular circ.local.lik.Rd: circular circsizer.density.Rd: circular circsizer.regression.Rd: circular dcircmix.Rd: circular dpreg.circ.Rd: circular dwsn.Rd: circular kern.den.circ.Rd: circular, density.circular, plot.density.circular, lines.density.circular kern.dpreg.circ.Rd: circular kern.reg.circ.lin.Rd: circular lines.regression.circular.Rd: radial.plot, lines3d modalreg.circ.lin.Rd: circular noeffect.circ.lin.Rd: circular plot.regression.circular.Rd: radial.plot, lines3d Please provide package anchors for all Rd \link{} targets not in the package itself and the base packages. Flavors: r-devel-linux-x86_64-debian-clang, r-devel-linux-x86_64-debian-gcc, r-devel-windows-x86_64

These binaries (installable software) and packages are in development.
They may not be fully stable and should be used with caution. We make no claims about them.