Last updated on 2025-05-01 14:49:16 CEST.
Flavor | Version | Tinstall | Tcheck | Ttotal | Status | Flags |
---|---|---|---|---|---|---|
r-devel-linux-x86_64-debian-clang | 1.3 | 4.66 | 58.12 | 62.78 | NOTE | |
r-devel-linux-x86_64-debian-gcc | 1.3 | 3.32 | 38.67 | 41.99 | OK | |
r-devel-linux-x86_64-fedora-clang | 1.3 | 100.50 | OK | |||
r-devel-linux-x86_64-fedora-gcc | 1.3 | 97.54 | OK | |||
r-devel-windows-x86_64 | 1.3 | 5.00 | 74.00 | 79.00 | OK | |
r-patched-linux-x86_64 | 1.3 | 4.04 | 55.95 | 59.99 | OK | |
r-release-linux-x86_64 | OK | |||||
r-release-macos-arm64 | 1.3 | 31.00 | OK | |||
r-release-macos-x86_64 | 1.3 | 55.00 | OK | |||
r-release-windows-x86_64 | 1.3 | 6.00 | 77.00 | 83.00 | OK | |
r-oldrel-macos-arm64 | 1.3 | 29.00 | OK | |||
r-oldrel-macos-x86_64 | 1.3 | 48.00 | OK | |||
r-oldrel-windows-x86_64 | 1.3 | 6.00 | 91.00 | 97.00 | OK |
Version: 1.3
Check: examples
Result: NOTE
Examples with CPU (user + system) or elapsed time > 5s
user system elapsed
npcox 9.955 0.048 12.583
npplot 9.328 0.024 11.222
spcox 7.674 0.024 10.588
Flavor: r-devel-linux-x86_64-debian-clang
Version: 1.3
Check: examples
Result: NA
user system elapsed
npcox 5.517 0.078 6.666
npplot 5.138 0.055 6.558
spcox 4.322 0.036 5.004
OK
Flavor: r-devel-linux-x86_64-debian-gcc
These binaries (installable software) and packages are in development.
They may not be fully stable and should be used with caution. We make no claims about them.