CRAN Package Check Results for Package NPHMC

Last updated on 2025-02-16 10:50:53 CET.

Flavor Version Tinstall Tcheck Ttotal Status Flags
r-devel-linux-x86_64-debian-clang 2.3 6.79 52.52 59.31 NOTE
r-devel-linux-x86_64-debian-gcc 2.3 4.51 39.39 43.90 NOTE
r-devel-linux-x86_64-fedora-clang 2.3 95.56 OK
r-devel-linux-x86_64-fedora-gcc 2.3 87.54 OK
r-devel-macos-arm64 2.3 30.00 OK
r-devel-macos-x86_64 2.3 57.00 OK
r-devel-windows-x86_64 2.3 7.00 76.00 83.00 NOTE
r-patched-linux-x86_64 2.3 9.06 49.34 58.40 OK
r-release-linux-x86_64 2.3 5.63 50.08 55.71 OK
r-release-macos-arm64 2.3 29.00 OK
r-release-macos-x86_64 2.3 43.00 OK
r-release-windows-x86_64 2.3 8.00 70.00 78.00 OK
r-oldrel-macos-arm64 2.3 30.00 OK
r-oldrel-macos-x86_64 2.3 53.00 OK
r-oldrel-windows-x86_64 2.3 9.00 73.00 82.00 OK

Check Details

Version: 2.3
Check: Rd cross-references
Result: NOTE Found the following Rd file(s) with Rd \link{} targets missing package anchors: NPHMC-package.Rd: smcure Please provide package anchors for all Rd \link{} targets not in the package itself and the base packages. Flavors: r-devel-linux-x86_64-debian-clang, r-devel-linux-x86_64-debian-gcc, r-devel-windows-x86_64

These binaries (installable software) and packages are in development.
They may not be fully stable and should be used with caution. We make no claims about them.