Last updated on 2025-02-16 10:50:53 CET.
Flavor | Version | Tinstall | Tcheck | Ttotal | Status | Flags |
---|---|---|---|---|---|---|
r-devel-linux-x86_64-debian-clang | 0.1 | 7.46 | 56.55 | 64.01 | NOTE | |
r-devel-linux-x86_64-debian-gcc | 0.1 | 4.98 | 42.80 | 47.78 | NOTE | |
r-devel-linux-x86_64-fedora-clang | 0.1 | 104.84 | NOTE | |||
r-devel-linux-x86_64-fedora-gcc | 0.1 | 96.07 | NOTE | |||
r-devel-macos-arm64 | 0.1 | 32.00 | NOTE | |||
r-devel-macos-x86_64 | 0.1 | 53.00 | NOTE | |||
r-devel-windows-x86_64 | 0.1 | 8.00 | 75.00 | 83.00 | NOTE | |
r-patched-linux-x86_64 | 0.1 | 6.27 | 52.84 | 59.11 | NOTE | |
r-release-linux-x86_64 | 0.1 | 7.35 | 53.14 | 60.49 | NOTE | |
r-release-macos-arm64 | 0.1 | 32.00 | NOTE | |||
r-release-macos-x86_64 | 0.1 | 46.00 | NOTE | |||
r-release-windows-x86_64 | 0.1 | 8.00 | 77.00 | 85.00 | NOTE | |
r-oldrel-macos-arm64 | 0.1 | 38.00 | OK | |||
r-oldrel-macos-x86_64 | 0.1 | 54.00 | OK | |||
r-oldrel-windows-x86_64 | 0.1 | 11.00 | 91.00 | 102.00 | OK |
Version: 0.1
Check: Rd files
Result: NOTE
checkRd: (-1) DiscHazRateAuxFunctions.Rd:46: Lost braces in \itemize; meant \describe ?
checkRd: (-1) DiscHazRateAuxFunctions.Rd:47: Lost braces in \itemize; meant \describe ?
checkRd: (-1) DiscHazRateAuxFunctions.Rd:48: Lost braces in \itemize; meant \describe ?
Flavors: r-devel-linux-x86_64-debian-clang, r-devel-linux-x86_64-debian-gcc, r-devel-linux-x86_64-fedora-clang, r-devel-linux-x86_64-fedora-gcc, r-devel-macos-arm64, r-devel-macos-x86_64, r-devel-windows-x86_64, r-patched-linux-x86_64, r-release-linux-x86_64, r-release-macos-arm64, r-release-macos-x86_64, r-release-windows-x86_64
These binaries (installable software) and packages are in development.
They may not be fully stable and should be used with caution. We make no claims about them.