CRAN Package Check Results for Package NPHazardRate

Last updated on 2025-11-24 15:49:58 CET.

Flavor Version Tinstall Tcheck Ttotal Status Flags
r-devel-linux-x86_64-debian-clang 0.1 7.26 59.57 66.83 NOTE
r-devel-linux-x86_64-debian-gcc 0.1 5.18 44.60 49.78 NOTE
r-devel-linux-x86_64-fedora-clang 0.1 15.00 88.16 103.16 NOTE
r-devel-linux-x86_64-fedora-gcc 0.1 14.00 82.51 96.51 NOTE
r-devel-windows-x86_64 0.1 9.00 70.00 79.00 NOTE
r-patched-linux-x86_64 0.1 7.77 56.52 64.29 NOTE
r-release-linux-x86_64 0.1 6.89 56.09 62.98 NOTE
r-release-macos-arm64 0.1 NOTE
r-release-macos-x86_64 0.1 6.00 48.00 54.00 NOTE
r-release-windows-x86_64 0.1 9.00 81.00 90.00 NOTE
r-oldrel-macos-arm64 0.1 NOTE
r-oldrel-macos-x86_64 0.1 5.00 41.00 46.00 NOTE
r-oldrel-windows-x86_64 0.1 10.00 84.00 94.00 NOTE

Check Details

Version: 0.1
Check: CRAN incoming feasibility
Result: NOTE Maintainer: ‘Dimitrios Bagkavos <dimitrios.bagkavos@gmail.com>’ Found the following URLs which should use \doi (with the DOI name only): File ‘DefVarBandRule.Rd’: http://dx.doi.org/10.1080/03610920802364088 File ‘DiscHazRateAuxFunctions.Rd’: https://doi.org/10.1007/BF00128979 File ‘TransHazRateEst.Rd’: http://dx.doi.org/10.1080/10485250802440184 File ‘TutzPritscher.Rd’: https://doi.org/10.1007/BF00128979 File ‘VarBandHazEst.Rd’: http://dx.doi.org/10.1080/03610920802364088 File ‘WeibHazFunctionals.Rd’: http://dx.doi.org/10.1080/03610920802364088 Flavors: r-devel-linux-x86_64-debian-clang, r-devel-linux-x86_64-debian-gcc

Version: 0.1
Check: Rd files
Result: NOTE checkRd: (-1) DiscHazRateAuxFunctions.Rd:46: Lost braces in \itemize; meant \describe ? checkRd: (-1) DiscHazRateAuxFunctions.Rd:47: Lost braces in \itemize; meant \describe ? checkRd: (-1) DiscHazRateAuxFunctions.Rd:48: Lost braces in \itemize; meant \describe ? Flavors: r-devel-linux-x86_64-debian-clang, r-devel-linux-x86_64-debian-gcc, r-devel-linux-x86_64-fedora-clang, r-devel-linux-x86_64-fedora-gcc, r-devel-windows-x86_64, r-patched-linux-x86_64, r-release-linux-x86_64, r-release-macos-arm64, r-release-macos-x86_64, r-release-windows-x86_64, r-oldrel-macos-arm64, r-oldrel-macos-x86_64, r-oldrel-windows-x86_64

These binaries (installable software) and packages are in development.
They may not be fully stable and should be used with caution. We make no claims about them.