CRAN Package Check Results for Package NPIstats

Last updated on 2025-10-23 11:50:21 CEST.

Flavor Version Tinstall Tcheck Ttotal Status Flags
r-devel-linux-x86_64-debian-clang 0.1.0 1.89 25.16 27.05 OK
r-devel-linux-x86_64-debian-gcc 0.1.0 1.50 20.84 22.34 OK
r-devel-linux-x86_64-fedora-clang 0.1.0 42.85 NOTE
r-devel-linux-x86_64-fedora-gcc 0.1.0 53.68 NOTE
r-devel-windows-x86_64 0.1.0 4.00 45.00 49.00 OK
r-patched-linux-x86_64 0.1.0 1.70 24.02 25.72 OK
r-release-linux-x86_64 0.1.0 1.98 23.79 25.77 OK
r-release-macos-arm64 0.1.0 1.00 23.00 24.00 OK
r-release-macos-x86_64 0.1.0 2.00 38.00 40.00 OK
r-release-windows-x86_64 0.1.0 3.00 48.00 51.00 OK
r-oldrel-macos-arm64 0.1.0 1.00 25.00 26.00 OK
r-oldrel-macos-x86_64 0.1.0 2.00 39.00 41.00 OK
r-oldrel-windows-x86_64 0.1.0 4.00 50.00 54.00 OK

Check Details

Version: 0.1.0
Check: dependencies in R code
Result: NOTE Namespace in Imports field not imported from: ‘dplyr’ All declared Imports should be used. Flavors: r-devel-linux-x86_64-fedora-clang, r-devel-linux-x86_64-fedora-gcc

These binaries (installable software) and packages are in development.
They may not be fully stable and should be used with caution. We make no claims about them.