Last updated on 2025-05-28 21:50:15 CEST.
Flavor | Version | Tinstall | Tcheck | Ttotal | Status | Flags |
---|---|---|---|---|---|---|
r-devel-linux-x86_64-debian-clang | 0.13.5 | 188.72 | 116.19 | 304.91 | OK | |
r-devel-linux-x86_64-debian-gcc | 0.13.5 | 128.06 | 74.08 | 202.14 | OK | |
r-devel-linux-x86_64-fedora-clang | 0.13.5 | 602.14 | OK | |||
r-devel-linux-x86_64-fedora-gcc | 0.13.5 | 520.95 | OK | |||
r-devel-windows-x86_64 | 0.13.5 | 193.00 | 147.00 | 340.00 | OK | |
r-patched-linux-x86_64 | 0.13.5 | 186.48 | 104.93 | 291.41 | OK | |
r-release-linux-x86_64 | 0.13.5 | 168.10 | 106.02 | 274.12 | OK | |
r-release-macos-arm64 | 0.13.5 | 111.00 | OK | |||
r-release-macos-x86_64 | 0.13.5 | 152.00 | OK | |||
r-release-windows-x86_64 | 0.13.5 | 197.00 | 148.00 | 345.00 | OK | |
r-oldrel-macos-arm64 | 0.13.5 | 112.00 | NOTE | |||
r-oldrel-macos-x86_64 | 0.13.5 | 115.00 | NOTE | |||
r-oldrel-windows-x86_64 | 0.13.5 | 241.00 | 185.00 | 426.00 | OK |
Version: 0.13.5
Check: installed package size
Result: NOTE
installed size is 7.3Mb
sub-directories of 1Mb or more:
libs 6.6Mb
Flavors: r-oldrel-macos-arm64, r-oldrel-macos-x86_64
These binaries (installable software) and packages are in development.
They may not be fully stable and should be used with caution. We make no claims about them.