Last updated on 2025-05-01 08:52:40 CEST.
Flavor | Version | Tinstall | Tcheck | Ttotal | Status | Flags |
---|---|---|---|---|---|---|
r-devel-linux-x86_64-debian-clang | 1.2.0 | 2.67 | 25.21 | 27.88 | NOTE | |
r-devel-linux-x86_64-debian-gcc | 1.2.0 | 1.75 | 20.21 | 21.96 | NOTE | |
r-devel-linux-x86_64-fedora-clang | 1.2.0 | 43.84 | OK | |||
r-devel-linux-x86_64-fedora-gcc | 1.2.0 | 41.46 | OK | |||
r-devel-windows-x86_64 | 1.2.0 | 4.00 | 46.00 | 50.00 | OK | |
r-patched-linux-x86_64 | 1.2.0 | 2.72 | 24.42 | 27.14 | OK | |
r-release-linux-x86_64 | OK | |||||
r-release-macos-arm64 | 1.2.0 | 22.00 | OK | |||
r-release-macos-x86_64 | 1.2.0 | 31.00 | OK | |||
r-release-windows-x86_64 | 1.2.0 | 4.00 | 48.00 | 52.00 | OK | |
r-oldrel-macos-arm64 | 1.2.0 | 19.00 | NOTE | |||
r-oldrel-macos-x86_64 | 1.2.0 | 25.00 | NOTE | |||
r-oldrel-windows-x86_64 | 1.2.0 | 4.00 | 51.00 | 55.00 | NOTE |
Version: 1.2.0
Check: CRAN incoming feasibility
Result: NOTE
Maintainer: ‘Maya B. Mathur <mmathur@stanford.edu>’
No Authors@R field in DESCRIPTION.
Please add one, modifying
Authors@R: c(person(given = c("Maya", "B."),
family = "Mathur",
role = c("aut", "cre"),
email = "mmathur@stanford.edu"),
person(given = c("Tyler", "J."),
family = "VanderWeele",
role = "aut"))
as necessary.
Package CITATION file contains call(s) to old-style personList() or
as.personList(). Please use c() on person objects instead.
Package CITATION file contains call(s) to old-style citEntry(). Please
use bibentry() instead.
Flavors: r-devel-linux-x86_64-debian-clang, r-devel-linux-x86_64-debian-gcc
Version: 1.2.0
Check: LazyData
Result: NOTE
'LazyData' is specified without a 'data' directory
Flavors: r-oldrel-macos-arm64, r-oldrel-macos-x86_64, r-oldrel-windows-x86_64
These binaries (installable software) and packages are in development.
They may not be fully stable and should be used with caution. We make no claims about them.