Last updated on 2025-10-23 15:50:03 CEST.
Flavor | Version | Tinstall | Tcheck | Ttotal | Status | Flags |
---|---|---|---|---|---|---|
r-devel-linux-x86_64-debian-clang | 0.1.0 | 1.72 | 29.33 | 31.05 | NOTE | |
r-devel-linux-x86_64-debian-gcc | 0.1.0 | 1.54 | 23.82 | 25.36 | OK | |
r-devel-linux-x86_64-fedora-clang | 0.1.0 | 48.83 | OK | |||
r-devel-linux-x86_64-fedora-gcc | 0.1.0 | 58.73 | OK | |||
r-devel-windows-x86_64 | 0.1.0 | 3.00 | 58.00 | 61.00 | OK | |
r-patched-linux-x86_64 | 0.1.0 | 2.07 | 27.87 | 29.94 | OK | |
r-release-linux-x86_64 | 0.1.0 | 1.77 | 27.92 | 29.69 | OK | |
r-release-macos-arm64 | 0.1.0 | 1.00 | 36.00 | 37.00 | OK | |
r-release-macos-x86_64 | 0.1.0 | 2.00 | 64.00 | 66.00 | OK | |
r-release-windows-x86_64 | 0.1.0 | 4.00 | 62.00 | 66.00 | OK | |
r-oldrel-macos-arm64 | 0.1.0 | 1.00 | 44.00 | 45.00 | OK | |
r-oldrel-macos-x86_64 | 0.1.0 | 2.00 | 50.00 | 52.00 | OK | |
r-oldrel-windows-x86_64 | 0.1.0 | 4.00 | 65.00 | 69.00 | OK |
Version: 0.1.0
Check: HTML version of manual
Result: NOTE
Found the following HTML validation problems:
nsr_core.html:64:1 (nsr_core.Rd:22): Warning: missing </ul> before </div>
Flavor: r-devel-linux-x86_64-debian-clang
These binaries (installable software) and packages are in development.
They may not be fully stable and should be used with caution. We make no claims about them.