Last updated on 2025-05-01 15:49:38 CEST.
Flavor | Version | Tinstall | Tcheck | Ttotal | Status | Flags |
---|---|---|---|---|---|---|
r-devel-linux-x86_64-debian-clang | 3.1.10 | 10.42 | 77.97 | 88.39 | NOTE | |
r-devel-linux-x86_64-debian-gcc | 3.1.10 | 7.72 | 55.91 | 63.63 | NOTE | |
r-devel-linux-x86_64-fedora-clang | 3.1.10 | 139.45 | OK | |||
r-devel-linux-x86_64-fedora-gcc | 3.1.10 | 132.93 | OK | |||
r-devel-windows-x86_64 | 3.1.10 | 11.00 | 92.00 | 103.00 | OK | |
r-patched-linux-x86_64 | 3.1.10 | 9.98 | 74.74 | 84.72 | OK | |
r-release-linux-x86_64 | OK | |||||
r-release-macos-arm64 | 3.1.10 | 39.00 | OK | |||
r-release-macos-x86_64 | 3.1.10 | 74.00 | OK | |||
r-release-windows-x86_64 | 3.1.10 | 11.00 | 93.00 | 104.00 | OK | |
r-oldrel-macos-arm64 | 3.1.10 | 38.00 | OK | |||
r-oldrel-macos-x86_64 | 3.1.10 | 58.00 | OK | |||
r-oldrel-windows-x86_64 | 3.1.10 | 15.00 | 114.00 | 129.00 | OK |
Version: 3.1.10
Check: CRAN incoming feasibility
Result: NOTE
Maintainer: ‘Daliang Ning <ningdaliang@ou.edu>’
No Authors@R field in DESCRIPTION.
Please add one, modifying
Authors@R: person(given = "Daliang",
family = "Ning",
role = c("aut", "cre"),
email = "ningdaliang@ou.edu")
as necessary.
Flavors: r-devel-linux-x86_64-debian-clang, r-devel-linux-x86_64-debian-gcc
These binaries (installable software) and packages are in development.
They may not be fully stable and should be used with caution. We make no claims about them.