Last updated on 2025-10-23 19:50:25 CEST.
Flavor | Version | Tinstall | Tcheck | Ttotal | Status | Flags |
---|---|---|---|---|---|---|
r-devel-linux-x86_64-debian-clang | 3.1.10 | 10.33 | 82.24 | 92.57 | NOTE | |
r-devel-linux-x86_64-debian-gcc | 3.1.10 | 7.98 | 58.36 | 66.34 | NOTE | |
r-devel-linux-x86_64-fedora-clang | 3.1.10 | 44.00 | 105.85 | 149.85 | OK | |
r-devel-linux-x86_64-fedora-gcc | 3.1.10 | 22.00 | 111.24 | 133.24 | OK | |
r-devel-windows-x86_64 | 3.1.10 | 11.00 | 92.00 | 103.00 | OK | |
r-patched-linux-x86_64 | 3.1.10 | 10.69 | 77.70 | 88.39 | OK | |
r-release-linux-x86_64 | 3.1.10 | 10.99 | 77.94 | 88.93 | OK | |
r-release-macos-arm64 | 3.1.10 | 5.00 | 34.00 | 39.00 | OK | |
r-release-macos-x86_64 | 3.1.10 | 9.00 | 65.00 | 74.00 | OK | |
r-release-windows-x86_64 | 3.1.10 | 14.00 | 94.00 | 108.00 | OK | |
r-oldrel-macos-arm64 | 3.1.10 | 4.00 | 34.00 | 38.00 | OK | |
r-oldrel-macos-x86_64 | 3.1.10 | 6.00 | 52.00 | 58.00 | OK | |
r-oldrel-windows-x86_64 | 3.1.10 | 16.00 | 115.00 | 131.00 | OK |
Version: 3.1.10
Check: CRAN incoming feasibility
Result: NOTE
Maintainer: ‘Daliang Ning <ningdaliang@ou.edu>’
No Authors@R field in DESCRIPTION.
Please add one, modifying
Authors@R: person(given = "Daliang",
family = "Ning",
role = c("aut", "cre"),
email = "ningdaliang@ou.edu")
as necessary.
Flavors: r-devel-linux-x86_64-debian-clang, r-devel-linux-x86_64-debian-gcc
These binaries (installable software) and packages are in development.
They may not be fully stable and should be used with caution. We make no claims about them.