Last updated on 2025-05-01 15:49:38 CEST.
Flavor | Version | Tinstall | Tcheck | Ttotal | Status | Flags |
---|---|---|---|---|---|---|
r-devel-linux-x86_64-debian-clang | 0.1.3 | 15.53 | 133.53 | 149.06 | NOTE | |
r-devel-linux-x86_64-debian-gcc | 0.1.3 | 10.97 | 104.44 | 115.41 | OK | |
r-devel-linux-x86_64-fedora-clang | 0.1.3 | 251.15 | OK | |||
r-devel-linux-x86_64-fedora-gcc | 0.1.3 | 240.27 | OK | |||
r-devel-windows-x86_64 | 0.1.3 | 14.00 | 118.00 | 132.00 | OK | |
r-patched-linux-x86_64 | 0.1.3 | 14.10 | 126.40 | 140.50 | OK | |
r-release-linux-x86_64 | OK | |||||
r-release-macos-arm64 | 0.1.3 | 107.00 | OK | |||
r-release-macos-x86_64 | 0.1.3 | 197.00 | OK | |||
r-release-windows-x86_64 | 0.1.3 | 15.00 | 120.00 | 135.00 | OK | |
r-oldrel-macos-arm64 | 0.1.3 | 115.00 | OK | |||
r-oldrel-macos-x86_64 | 0.1.3 | 186.00 | OK | |||
r-oldrel-windows-x86_64 | 0.1.3 | 17.00 | 148.00 | 165.00 | OK |
Version: 0.1.3
Check: examples
Result: NOTE
Examples with CPU (user + system) or elapsed time > 5s
user system elapsed
tau.test 6.148 0.196 6.834
Flavor: r-devel-linux-x86_64-debian-clang
Version: 0.1.3
Check: examples
Result: NA
user system elapsed
tau.test 5.972 0.271 6.956
OK
Flavor: r-devel-linux-x86_64-debian-gcc
These binaries (installable software) and packages are in development.
They may not be fully stable and should be used with caution. We make no claims about them.