CRAN Package Check Results for Package NUCOMBog

Last updated on 2025-05-23 11:56:01 CEST.

Flavor Version Tinstall Tcheck Ttotal Status Flags
r-devel-linux-x86_64-debian-clang 1.0.4.2 2.00 26.23 28.23 OK
r-devel-linux-x86_64-debian-gcc 1.0.4.2 1.81 21.48 23.29 OK
r-devel-linux-x86_64-fedora-clang 1.0.4.2 47.41 OK
r-devel-linux-x86_64-fedora-gcc 1.0.4.2 57.66 OK
r-devel-windows-x86_64 1.0.4.2 3.00 110.00 113.00 OK
r-patched-linux-x86_64 1.0.4.2 2.35 25.30 27.65 OK
r-release-linux-x86_64 1.0.4.2 1.97 25.44 27.41 OK
r-release-macos-arm64 1.0.4.2 26.00 OK
r-release-macos-x86_64 1.0.4.2 56.00 OK
r-release-windows-x86_64 1.0.4.2 3.00 106.00 109.00 OK
r-oldrel-macos-arm64 1.0.4.2 27.00 NOTE
r-oldrel-macos-x86_64 1.0.4.2 51.00 NOTE
r-oldrel-windows-x86_64 1.0.4.2 3.00 70.00 73.00 NOTE

Check Details

Version: 1.0.4.2
Check: LazyData
Result: NOTE 'LazyData' is specified without a 'data' directory Flavors: r-oldrel-macos-arm64, r-oldrel-macos-x86_64, r-oldrel-windows-x86_64

These binaries (installable software) and packages are in development.
They may not be fully stable and should be used with caution. We make no claims about them.