CRAN Package Check Results for Package NUCOMBog

Last updated on 2025-07-19 21:49:43 CEST.

Flavor Version Tinstall Tcheck Ttotal Status Flags
r-devel-linux-x86_64-debian-clang 1.0.4.2 2.13 26.63 28.76 OK
r-devel-linux-x86_64-debian-gcc 1.0.4.2 1.63 22.10 23.73 OK
r-devel-linux-x86_64-fedora-clang 1.0.4.2 45.96 OK
r-devel-linux-x86_64-fedora-gcc 1.0.4.2 57.25 OK
r-devel-windows-x86_64 1.0.4.2 3.00 70.00 73.00 OK
r-patched-linux-x86_64 1.0.4.2 2.09 25.65 27.74 OK
r-release-linux-x86_64 1.0.4.2 1.82 25.26 27.08 OK
r-release-macos-arm64 1.0.4.2 26.00 OK
r-release-macos-x86_64 1.0.4.2 56.00 OK
r-release-windows-x86_64 1.0.4.2 4.00 68.00 72.00 OK
r-oldrel-macos-arm64 1.0.4.2 27.00 NOTE
r-oldrel-macos-x86_64 1.0.4.2 51.00 NOTE
r-oldrel-windows-x86_64 1.0.4.2 4.00 70.00 74.00 NOTE

Check Details

Version: 1.0.4.2
Check: LazyData
Result: NOTE 'LazyData' is specified without a 'data' directory Flavors: r-oldrel-macos-arm64, r-oldrel-macos-x86_64, r-oldrel-windows-x86_64

These binaries (installable software) and packages are in development.
They may not be fully stable and should be used with caution. We make no claims about them.