CRAN Package Check Results for Package NUSS

Last updated on 2025-10-23 19:50:25 CEST.

Flavor Version Tinstall Tcheck Ttotal Status Flags
r-devel-linux-x86_64-debian-clang 0.1.0 22.42 38.89 61.31 NOTE
r-devel-linux-x86_64-debian-gcc 0.1.0 18.59 31.00 49.59 OK
r-devel-linux-x86_64-fedora-clang 0.1.0 56.00 44.19 100.19 OK
r-devel-linux-x86_64-fedora-gcc 0.1.0 49.00 53.56 102.56 OK
r-devel-windows-x86_64 0.1.0 30.00 75.00 105.00 OK
r-patched-linux-x86_64 0.1.0 24.19 36.80 60.99 OK
r-release-linux-x86_64 0.1.0 26.01 36.74 62.75 OK
r-release-macos-arm64 0.1.0 21.00 36.00 57.00 OK
r-release-macos-x86_64 0.1.0 20.00 39.00 59.00 OK
r-release-windows-x86_64 0.1.0 32.00 76.00 108.00 OK
r-oldrel-macos-arm64 0.1.0 12.00 23.00 35.00 NOTE
r-oldrel-macos-x86_64 0.1.0 28.00 42.00 70.00 NOTE
r-oldrel-windows-x86_64 0.1.0 38.00 94.00 132.00 OK

Check Details

Version: 0.1.0
Check: HTML version of manual
Result: NOTE Found the following HTML validation problems: ngrams_segmentation.html:95:1 (ngrams_segmentation.Rd:54): Warning: <h3> anchor "ngrams_dictionary" already defined unigram_sequence_segmentation.html:105:1 (unigram_sequence_segmentation.Rd:61): Warning: <h3> anchor "unigram_dictionary" already defined Flavor: r-devel-linux-x86_64-debian-clang

Version: 0.1.0
Check: installed package size
Result: NOTE installed size is 5.5Mb sub-directories of 1Mb or more: libs 4.8Mb Flavors: r-oldrel-macos-arm64, r-oldrel-macos-x86_64

These binaries (installable software) and packages are in development.
They may not be fully stable and should be used with caution. We make no claims about them.