Last updated on 2025-05-01 08:52:40 CEST.
Flavor | Version | Tinstall | Tcheck | Ttotal | Status | Flags |
---|---|---|---|---|---|---|
r-devel-linux-x86_64-debian-clang | 0.1.0 | 20.93 | 37.11 | 58.04 | OK | |
r-devel-linux-x86_64-debian-gcc | 0.1.0 | 19.92 | 29.78 | 49.70 | OK | |
r-devel-linux-x86_64-fedora-clang | 0.1.0 | 100.23 | OK | |||
r-devel-linux-x86_64-fedora-gcc | 0.1.0 | 104.78 | OK | |||
r-devel-windows-x86_64 | 0.1.0 | 29.00 | 74.00 | 103.00 | OK | |
r-patched-linux-x86_64 | 0.1.0 | 23.77 | 35.07 | 58.84 | OK | |
r-release-linux-x86_64 | OK | |||||
r-release-macos-arm64 | 0.1.0 | 57.00 | OK | |||
r-release-macos-x86_64 | 0.1.0 | 59.00 | OK | |||
r-release-windows-x86_64 | 0.1.0 | 30.00 | 76.00 | 106.00 | OK | |
r-oldrel-macos-arm64 | 0.1.0 | 35.00 | NOTE | |||
r-oldrel-macos-x86_64 | 0.1.0 | 70.00 | NOTE | |||
r-oldrel-windows-x86_64 | 0.1.0 | 34.00 | 94.00 | 128.00 | OK |
Version: 0.1.0
Check: installed package size
Result: NOTE
installed size is 5.5Mb
sub-directories of 1Mb or more:
libs 4.8Mb
Flavors: r-oldrel-macos-arm64, r-oldrel-macos-x86_64
These binaries (installable software) and packages are in development.
They may not be fully stable and should be used with caution. We make no claims about them.