Last updated on 2025-02-19 16:50:57 CET.
Flavor | Version | Tinstall | Tcheck | Ttotal | Status | Flags |
---|---|---|---|---|---|---|
r-devel-linux-x86_64-debian-clang | 1.2.1 | 6.20 | 78.49 | 84.69 | NOTE | |
r-devel-linux-x86_64-debian-gcc | 1.2.1 | 4.82 | 56.88 | 61.70 | NOTE | |
r-devel-linux-x86_64-fedora-clang | 1.2.2 | 133.72 | OK | |||
r-devel-linux-x86_64-fedora-gcc | 1.2.2 | 144.22 | OK | |||
r-devel-macos-arm64 | 1.2.1 | 40.00 | OK | |||
r-devel-macos-x86_64 | 1.2.2 | 70.00 | OK | |||
r-devel-windows-x86_64 | 1.2.2 | 13.00 | 113.00 | 126.00 | OK | |
r-patched-linux-x86_64 | 1.2.1 | 7.09 | 73.22 | 80.31 | OK | |
r-release-linux-x86_64 | 1.2.1 | 6.40 | 72.58 | 78.98 | OK | |
r-release-macos-arm64 | 1.2.1 | 39.00 | OK | |||
r-release-macos-x86_64 | 1.2.2 | 64.00 | OK | |||
r-release-windows-x86_64 | 1.2.1 | 11.00 | 91.00 | 102.00 | OK | |
r-oldrel-macos-arm64 | 1.2.1 | 64.00 | OK | |||
r-oldrel-macos-x86_64 | 1.2.2 | 83.00 | OK | |||
r-oldrel-windows-x86_64 | 1.2.2 | 16.00 | 130.00 | 146.00 | OK |
Version: 1.2.1
Check: DESCRIPTION meta-information
Result: NOTE
Missing dependency on R >= 4.1.0 because package code uses the pipe
|> or function shorthand \(...) syntax added in R 4.1.0.
File(s) using such syntax:
‘nail_catdes.R’ ‘nail_condes.R’ ‘nail_descfreq.R’ ‘nail_qda.R’
‘nail_sort.R’ ‘nail_textual.R’
Flavors: r-devel-linux-x86_64-debian-clang, r-devel-linux-x86_64-debian-gcc
These binaries (installable software) and packages are in development.
They may not be fully stable and should be used with caution. We make no claims about them.