Last updated on 2025-10-23 21:51:34 CEST.
Flavor | Version | Tinstall | Tcheck | Ttotal | Status | Flags |
---|---|---|---|---|---|---|
r-devel-linux-x86_64-debian-clang | 1.0.5 | 4.18 | 37.01 | 41.19 | OK | |
r-devel-linux-x86_64-debian-gcc | 1.0.5 | 3.29 | 28.69 | 31.98 | OK | |
r-devel-linux-x86_64-fedora-clang | 1.0.5 | 11.00 | 52.14 | 63.14 | OK | |
r-devel-linux-x86_64-fedora-gcc | 1.0.5 | 73.40 | OK | |||
r-devel-windows-x86_64 | 1.0.5 | 6.00 | 52.00 | 58.00 | OK | |
r-patched-linux-x86_64 | 1.0.5 | 4.09 | 34.69 | 38.78 | OK | |
r-release-linux-x86_64 | 1.0.5 | 4.32 | 34.50 | 38.82 | OK | |
r-release-macos-arm64 | 1.0.5 | 2.00 | 34.00 | 36.00 | OK | |
r-release-macos-x86_64 | 1.0.5 | 5.00 | 47.00 | 52.00 | OK | |
r-release-windows-x86_64 | 1.0.5 | 7.00 | 55.00 | 62.00 | OK | |
r-oldrel-macos-arm64 | 1.0.5 | 3.00 | 34.00 | 37.00 | NOTE | |
r-oldrel-macos-x86_64 | 1.0.5 | 6.00 | 57.00 | 63.00 | NOTE | |
r-oldrel-windows-x86_64 | 1.0.5 | 8.00 | 62.00 | 70.00 | NOTE |
Version: 1.0.5
Check: installed package size
Result: NOTE
installed size is 7.6Mb
sub-directories of 1Mb or more:
data 4.0Mb
doc 3.5Mb
Flavors: r-oldrel-macos-arm64, r-oldrel-macos-x86_64, r-oldrel-windows-x86_64
These binaries (installable software) and packages are in development.
They may not be fully stable and should be used with caution. We make no claims about them.