CRAN Package Check Results for Package NatureSounds

Last updated on 2025-05-29 03:49:52 CEST.

Flavor Version Tinstall Tcheck Ttotal Status Flags
r-devel-linux-x86_64-debian-clang 1.0.5 4.70 35.89 40.59 OK
r-devel-linux-x86_64-debian-gcc 1.0.5 3.34 27.44 30.78 OK
r-devel-linux-x86_64-fedora-clang 1.0.5 66.80 OK
r-devel-linux-x86_64-fedora-gcc 1.0.5 76.30 OK
r-devel-windows-x86_64 1.0.5 6.00 53.00 59.00 OK
r-patched-linux-x86_64 1.0.5 4.47 33.77 38.24 OK
r-release-linux-x86_64 1.0.5 4.58 33.20 37.78 OK
r-release-macos-arm64 1.0.5 36.00 OK
r-release-macos-x86_64 1.0.5 52.00 OK
r-release-windows-x86_64 1.0.5 6.00 57.00 63.00 OK
r-oldrel-macos-arm64 1.0.5 37.00 NOTE
r-oldrel-macos-x86_64 1.0.5 63.00 NOTE
r-oldrel-windows-x86_64 1.0.5 8.00 66.00 74.00 NOTE

Check Details

Version: 1.0.5
Check: installed package size
Result: NOTE installed size is 7.6Mb sub-directories of 1Mb or more: data 4.0Mb doc 3.5Mb Flavors: r-oldrel-macos-arm64, r-oldrel-macos-x86_64, r-oldrel-windows-x86_64

These binaries (installable software) and packages are in development.
They may not be fully stable and should be used with caution. We make no claims about them.