Last updated on 2025-02-16 10:50:53 CET.
Flavor | Version | Tinstall | Tcheck | Ttotal | Status | Flags |
---|---|---|---|---|---|---|
r-devel-linux-x86_64-debian-clang | 1.0.5 | 4.39 | 34.11 | 38.50 | OK | |
r-devel-linux-x86_64-debian-gcc | 1.0.5 | 3.02 | 26.75 | 29.77 | OK | |
r-devel-linux-x86_64-fedora-clang | 1.0.5 | 67.32 | OK | |||
r-devel-linux-x86_64-fedora-gcc | 1.0.5 | 73.27 | OK | |||
r-devel-macos-arm64 | 1.0.5 | 30.00 | OK | |||
r-devel-macos-x86_64 | 1.0.5 | 50.00 | OK | |||
r-devel-windows-x86_64 | 1.0.5 | 6.00 | 54.00 | 60.00 | OK | |
r-patched-linux-x86_64 | 1.0.5 | 4.54 | 32.50 | 37.04 | OK | |
r-release-linux-x86_64 | 1.0.5 | 4.57 | 32.28 | 36.85 | OK | |
r-release-macos-arm64 | 1.0.5 | 37.00 | NOTE | |||
r-release-macos-x86_64 | 1.0.5 | 63.00 | NOTE | |||
r-release-windows-x86_64 | 1.0.5 | 6.00 | 55.00 | 61.00 | NOTE | |
r-oldrel-macos-arm64 | 1.0.4 | 27.00 | NOTE | |||
r-oldrel-macos-x86_64 | 1.0.5 | 58.00 | NOTE | |||
r-oldrel-windows-x86_64 | 1.0.5 | 9.00 | 59.00 | 68.00 | NOTE |
Version: 1.0.5
Check: installed package size
Result: NOTE
installed size is 7.6Mb
sub-directories of 1Mb or more:
data 4.0Mb
doc 3.5Mb
Flavors: r-release-macos-arm64, r-release-macos-x86_64, r-release-windows-x86_64, r-oldrel-macos-x86_64, r-oldrel-windows-x86_64
Version: 1.0.4
Check: installed package size
Result: NOTE
installed size is 6.4Mb
sub-directories of 1Mb or more:
data 4.6Mb
doc 1.7Mb
Flavor: r-oldrel-macos-arm64
These binaries (installable software) and packages are in development.
They may not be fully stable and should be used with caution. We make no claims about them.