Last updated on 2025-11-15 11:50:51 CET.
| Flavor | Version | Tinstall | Tcheck | Ttotal | Status | Flags |
|---|---|---|---|---|---|---|
| r-devel-linux-x86_64-debian-clang | 1.2.1 | 82.69 | 45.31 | 128.00 | NOTE | |
| r-devel-linux-x86_64-debian-gcc | 1.2.1 | 54.78 | 32.83 | 87.61 | NOTE | |
| r-devel-linux-x86_64-fedora-clang | 1.2.1 | 149.00 | 102.90 | 251.90 | NOTE | |
| r-devel-linux-x86_64-fedora-gcc | 1.2.1 | 185.00 | 33.31 | 218.31 | NOTE | |
| r-devel-windows-x86_64 | 1.2.1 | 132.00 | 79.00 | 211.00 | NOTE | |
| r-patched-linux-x86_64 | 1.2.1 | 77.71 | 42.60 | 120.31 | NOTE | |
| r-release-linux-x86_64 | 1.2.1 | 78.27 | 42.63 | 120.90 | NOTE | |
| r-release-macos-arm64 | 1.2.1 | 29.00 | 22.00 | 51.00 | NOTE | |
| r-release-macos-x86_64 | 1.2.1 | 27.00 | 41.00 | 68.00 | NOTE | |
| r-release-windows-x86_64 | 1.2.1 | 105.00 | 82.00 | 187.00 | NOTE | |
| r-oldrel-macos-arm64 | 1.2.1 | 16.00 | 21.00 | 37.00 | NOTE | |
| r-oldrel-macos-x86_64 | 1.2.1 | 12.00 | 30.00 | 42.00 | NOTE | |
| r-oldrel-windows-x86_64 | 1.2.1 | 124.00 | 98.00 | 222.00 | NOTE |
Version: 1.2.1
Check: CRAN incoming feasibility
Result: NOTE
Maintainer: ‘Olanrewaju Akande <akandelanre13@gmail.com>’
No Authors@R field in DESCRIPTION.
Please add one, modifying
Authors@R: c(person(given = "Quanli",
family = "Wang",
role = "aut"),
person(given = "Olanrewaju",
family = "Akande",
role = c("aut", "cre"),
email = "akandelanre13@gmail.com"),
person(given = "Jingchen",
family = "Hu",
role = "aut"),
person(given = "Jerry",
family = "Reiter",
role = "aut"),
person(given = "Andres",
family = "Barrientos",
role = "aut"))
as necessary.
Flavors: r-devel-linux-x86_64-debian-clang, r-devel-linux-x86_64-debian-gcc
Version: 1.2.1
Check: C++ specification
Result: NOTE
Specified C++11: please drop specification unless essential
Flavors: r-devel-linux-x86_64-debian-clang, r-devel-linux-x86_64-debian-gcc, r-devel-linux-x86_64-fedora-clang, r-devel-linux-x86_64-fedora-gcc, r-devel-windows-x86_64, r-patched-linux-x86_64, r-release-linux-x86_64, r-release-macos-arm64, r-release-macos-x86_64, r-release-windows-x86_64, r-oldrel-macos-arm64, r-oldrel-macos-x86_64, r-oldrel-windows-x86_64
Version: 1.2.1
Check: installed package size
Result: NOTE
installed size is 5.2Mb
sub-directories of 1Mb or more:
libs 4.5Mb
Flavor: r-oldrel-macos-arm64
Version: 1.2.1
Check: LazyData
Result: NOTE
'LazyData' is specified without a 'data' directory
Flavors: r-oldrel-macos-arm64, r-oldrel-macos-x86_64, r-oldrel-windows-x86_64
Version: 1.2.1
Check: for GNU extensions in Makefiles
Result: NOTE
GNU make is a SystemRequirements.
Flavors: r-oldrel-macos-arm64, r-oldrel-macos-x86_64, r-oldrel-windows-x86_64
These binaries (installable software) and packages are in development.
They may not be fully stable and should be used with caution. We make no claims about them.