Last updated on 2025-05-22 03:50:43 CEST.
Flavor | Version | Tinstall | Tcheck | Ttotal | Status | Flags |
---|---|---|---|---|---|---|
r-devel-linux-x86_64-debian-clang | 0.2.0 | 1.79 | 22.97 | 24.76 | NOTE | |
r-devel-linux-x86_64-debian-gcc | 0.2.0 | 1.46 | 18.72 | 20.18 | NOTE | |
r-devel-linux-x86_64-fedora-clang | 0.2.0 | 41.56 | OK | |||
r-devel-linux-x86_64-fedora-gcc | 0.2.0 | 50.73 | OK | |||
r-devel-windows-x86_64 | 0.2.0 | 2.00 | 53.00 | 55.00 | OK | |
r-patched-linux-x86_64 | 0.2.0 | 1.86 | 22.20 | 24.06 | OK | |
r-release-linux-x86_64 | 0.2.0 | 1.80 | 22.07 | 23.87 | OK | |
r-release-macos-arm64 | 0.2.0 | 27.00 | OK | |||
r-release-macos-x86_64 | 0.2.0 | 52.00 | OK | |||
r-release-windows-x86_64 | 0.2.0 | 4.00 | 52.00 | 56.00 | OK | |
r-oldrel-macos-arm64 | 0.2.0 | 26.00 | OK | |||
r-oldrel-macos-x86_64 | 0.2.0 | 44.00 | OK | |||
r-oldrel-windows-x86_64 | 0.2.0 | 2.00 | 55.00 | 57.00 | OK |
Version: 0.2.0
Check: CRAN incoming feasibility
Result: NOTE
Maintainer: ‘Li-Pang Chen <lchen723@nccu.edu.tw>’
No Authors@R field in DESCRIPTION.
Please add one, modifying
Authors@R: person(given = "Li-Pang",
family = "Chen",
role = c("aut", "cre"),
email = "lchen723@nccu.edu.tw")
as necessary.
Flavors: r-devel-linux-x86_64-debian-clang, r-devel-linux-x86_64-debian-gcc
These binaries (installable software) and packages are in development.
They may not be fully stable and should be used with caution. We make no claims about them.