CRAN Package Check Results for Package NetIndices

Last updated on 2025-11-14 21:50:07 CET.

Flavor Version Tinstall Tcheck Ttotal Status Flags
r-devel-linux-x86_64-debian-clang 1.4.4.1 2.13 31.77 33.90 NOTE
r-devel-linux-x86_64-debian-gcc 1.4.4.1 1.65 25.07 26.72 NOTE
r-devel-linux-x86_64-fedora-clang 1.4.4.1 52.15 OK
r-devel-linux-x86_64-fedora-gcc 1.4.4.1 62.32 OK
r-devel-windows-x86_64 1.4.4.1 9.00 65.00 74.00 OK
r-patched-linux-x86_64 1.4.4.1 2.22 30.23 32.45 OK
r-release-linux-x86_64 1.4.4.1 2.00 30.14 32.14 OK
r-release-macos-arm64 1.4.4.1 1.00 26.00 27.00 OK
r-release-macos-x86_64 1.4.4.1 2.00 46.00 48.00 OK
r-release-windows-x86_64 1.4.4.1 3.00 65.00 68.00 OK
r-oldrel-macos-arm64 1.4.4.1 1.00 24.00 25.00 OK
r-oldrel-macos-x86_64 1.4.4.1 2.00 36.00 38.00 OK
r-oldrel-windows-x86_64 1.4.4.1 6.00 69.00 75.00 OK

Check Details

Version: 1.4.4.1
Check: CRAN incoming feasibility
Result: NOTE Maintainer: ‘Karline Soetaert <karline.soetaert@nioz.nl>’ No Authors@R field in DESCRIPTION. Please add one, modifying Authors@R: c(person(given = "Karline", family = "Soetaert", role = c("aut", "cre"), email = "karline.soetaert@nioz.nl"), person(given = c("Julius", "Kipyegon"), family = "Kones", role = "aut", email = "jkones@uonbi.ac.ke"), person(given = "Dick", family = "van Oevelen", role = "aut", email = "dick.vanoevelen@nioz.nl")) as necessary. Package CITATION file contains call(s) to old-style personList() or as.personList(). Please use c() on person objects instead. Package CITATION file contains call(s) to old-style citEntry(). Please use bibentry() instead. Flavors: r-devel-linux-x86_64-debian-clang, r-devel-linux-x86_64-debian-gcc

These binaries (installable software) and packages are in development.
They may not be fully stable and should be used with caution. We make no claims about them.