CRAN Package Check Results for Package NetInt

Last updated on 2025-05-01 15:49:37 CEST.

Flavor Version Tinstall Tcheck Ttotal Status Flags
r-devel-linux-x86_64-debian-clang 1.0.0 1.84 19.21 21.05 NOTE
r-devel-linux-x86_64-debian-gcc 1.0.0 1.56 16.63 18.19 NOTE
r-devel-linux-x86_64-fedora-clang 1.0.0 32.91 NOTE
r-devel-linux-x86_64-fedora-gcc 1.0.0 32.46 NOTE
r-devel-windows-x86_64 1.0.0 4.00 46.00 50.00 OK
r-patched-linux-x86_64 1.0.0 1.94 18.57 20.51 OK
r-release-linux-x86_64 OK
r-release-macos-arm64 1.0.0 16.00 OK
r-release-macos-x86_64 1.0.0 25.00 OK
r-release-windows-x86_64 1.0.0 4.00 49.00 53.00 OK
r-oldrel-macos-arm64 1.0.0 17.00 OK
r-oldrel-macos-x86_64 1.0.0 23.00 OK
r-oldrel-windows-x86_64 1.0.0 2.00 42.00 44.00 OK

Check Details

Version: 1.0.0
Check: CRAN incoming feasibility
Result: NOTE Maintainer: ‘Jessica Gliozzo <jessica.gliozzo@unimi.it>’ Package has help file(s) containing later-stage \Sexpr{} expressions but no 'build/stage23.rdb' file. Package CITATION file contains call(s) to old-style citEntry(). Please use bibentry() instead. Flavors: r-devel-linux-x86_64-debian-clang, r-devel-linux-x86_64-debian-gcc

Version: 1.0.0
Check: dependencies in R code
Result: NOTE Namespace in Imports field not imported from: ‘mathjaxr’ All declared Imports should be used. Flavors: r-devel-linux-x86_64-fedora-clang, r-devel-linux-x86_64-fedora-gcc

These binaries (installable software) and packages are in development.
They may not be fully stable and should be used with caution. We make no claims about them.