CRAN Package Check Results for Package NetLogoR

Last updated on 2025-05-02 08:49:33 CEST.

Flavor Version Tinstall Tcheck Ttotal Status Flags
r-devel-linux-x86_64-debian-clang 1.0.5 35.55 281.21 316.76 NOTE
r-devel-linux-x86_64-debian-gcc 1.0.5 20.66 175.76 196.42 NOTE
r-devel-linux-x86_64-fedora-clang 1.0.5 506.42 OK
r-devel-linux-x86_64-fedora-gcc 1.0.5 492.86 OK
r-devel-windows-x86_64 1.0.5 33.00 257.00 290.00 NOTE
r-patched-linux-x86_64 1.0.5 36.00 257.08 293.08 NOTE
r-release-linux-x86_64 NOTE
r-release-macos-arm64 1.0.5 118.00 OK
r-release-macos-x86_64 1.0.5 294.00 OK
r-release-windows-x86_64 1.0.5 32.00 258.00 290.00 NOTE
r-oldrel-macos-arm64 1.0.5 98.00 NOTE
r-oldrel-macos-x86_64 1.0.5 223.00 NOTE
r-oldrel-windows-x86_64 1.0.5 42.00 349.00 391.00 NOTE

Check Details

Version: 1.0.5
Check: Rd cross-references
Result: NOTE Found the following Rd file(s) with Rd \link{} targets missing package anchors: bbox.Rd: extent, coordinates coordinates.Rd: extent extent.Rd: coordinates Please provide package anchors for all Rd \link{} targets not in the package itself and the base packages. Flavors: r-devel-linux-x86_64-debian-clang, r-devel-linux-x86_64-debian-gcc, r-devel-windows-x86_64, r-patched-linux-x86_64, r-release-linux-x86_64, r-release-windows-x86_64

Version: 1.0.5
Check: package dependencies
Result: NOTE Package suggested but not available for checking: ‘fastshp’ Flavors: r-oldrel-macos-arm64, r-oldrel-macos-x86_64, r-oldrel-windows-x86_64

These binaries (installable software) and packages are in development.
They may not be fully stable and should be used with caution. We make no claims about them.