Last updated on 2025-10-24 05:50:48 CEST.
| Flavor | Version | Tinstall | Tcheck | Ttotal | Status | Flags |
|---|---|---|---|---|---|---|
| r-devel-linux-x86_64-debian-clang | 1.0.1 | 5.32 | 51.86 | 57.18 | NOTE | |
| r-devel-linux-x86_64-debian-gcc | 1.0.1 | 3.96 | 35.61 | 39.57 | OK | |
| r-devel-linux-x86_64-fedora-clang | 1.0.1 | 46.00 | 46.53 | 92.53 | OK | |
| r-devel-linux-x86_64-fedora-gcc | 1.0.1 | 12.00 | 70.81 | 82.81 | OK | |
| r-devel-windows-x86_64 | 1.0.1 | 7.00 | 66.00 | 73.00 | OK | |
| r-patched-linux-x86_64 | 1.0.1 | 6.38 | 47.51 | 53.89 | OK | |
| r-release-linux-x86_64 | 1.0.1 | 5.40 | 47.81 | 53.21 | OK | |
| r-release-macos-arm64 | 1.0.1 | 3.00 | 34.00 | 37.00 | OK | |
| r-release-macos-x86_64 | 1.0.1 | 5.00 | 45.00 | 50.00 | OK | |
| r-release-windows-x86_64 | 1.0.1 | 9.00 | 68.00 | 77.00 | OK | |
| r-oldrel-macos-arm64 | 1.0.1 | 3.00 | 26.00 | 29.00 | OK | |
| r-oldrel-macos-x86_64 | 1.0.1 | 5.00 | 44.00 | 49.00 | OK | |
| r-oldrel-windows-x86_64 | 1.0.1 | 10.00 | 80.00 | 90.00 | OK |
Version: 1.0.1
Check: HTML version of manual
Result: NOTE
Found the following HTML validation problems:
LCC_Calc.html:62:1 (LCC_Calc.Rd:18): Warning: missing </ul> before </div>
Flavor: r-devel-linux-x86_64-debian-clang
These binaries (installable software) and packages are in development.
They may not be fully stable and should be used with caution. We make no claims about them.