Last updated on 2025-05-01 14:49:16 CEST.
Flavor | Version | Tinstall | Tcheck | Ttotal | Status | Flags |
---|---|---|---|---|---|---|
r-devel-linux-x86_64-debian-clang | 1.0.1 | 5.97 | 49.02 | 54.99 | NOTE | |
r-devel-linux-x86_64-debian-gcc | 1.0.1 | 3.82 | 34.81 | 38.63 | OK | |
r-devel-linux-x86_64-fedora-clang | 1.0.1 | 86.01 | OK | |||
r-devel-linux-x86_64-fedora-gcc | 1.0.1 | 81.78 | OK | |||
r-devel-windows-x86_64 | 1.0.1 | 8.00 | 66.00 | 74.00 | OK | |
r-patched-linux-x86_64 | 1.0.1 | 5.76 | 46.30 | 52.06 | OK | |
r-release-linux-x86_64 | OK | |||||
r-release-macos-arm64 | 1.0.1 | 37.00 | OK | |||
r-release-macos-x86_64 | 1.0.1 | 50.00 | OK | |||
r-release-windows-x86_64 | 1.0.1 | 9.00 | 67.00 | 76.00 | OK | |
r-oldrel-macos-arm64 | 1.0.1 | 29.00 | OK | |||
r-oldrel-macos-x86_64 | 1.0.1 | 49.00 | OK | |||
r-oldrel-windows-x86_64 | 1.0.1 | 8.00 | 81.00 | 89.00 | OK |
Version: 1.0.1
Check: examples
Result: NOTE
Examples with CPU (user + system) or elapsed time > 5s
user system elapsed
avr_proximity_multiple_target_sets 5.855 0.047 7.422
separation_Significance 0.087 0.000 7.138
Flavor: r-devel-linux-x86_64-debian-clang
These binaries (installable software) and packages are in development.
They may not be fully stable and should be used with caution. We make no claims about them.