Last updated on 2025-02-16 10:50:53 CET.
Flavor | Version | Tinstall | Tcheck | Ttotal | Status | Flags |
---|---|---|---|---|---|---|
r-devel-linux-x86_64-debian-clang | 0.8 | 23.25 | 147.65 | 170.90 | NOTE | --no-vignettes |
r-devel-linux-x86_64-debian-gcc | 0.8 | 16.00 | 101.22 | 117.22 | NOTE | --no-vignettes |
r-devel-linux-x86_64-fedora-clang | 0.8 | 293.26 | NOTE | |||
r-devel-linux-x86_64-fedora-gcc | 0.8 | 245.76 | NOTE | |||
r-devel-macos-arm64 | 0.8 | 75.00 | NOTE | |||
r-devel-macos-x86_64 | 0.8 | 133.00 | NOTE | |||
r-devel-windows-x86_64 | 0.8 | 22.00 | 137.00 | 159.00 | NOTE | |
r-patched-linux-x86_64 | 0.8 | 21.47 | 134.40 | 155.87 | NOTE | --no-vignettes |
r-release-linux-x86_64 | 0.8 | 20.42 | 134.83 | 155.25 | NOTE | --no-vignettes |
r-release-macos-arm64 | 0.8 | 68.00 | NOTE | |||
r-release-macos-x86_64 | 0.8 | 100.00 | NOTE | |||
r-release-windows-x86_64 | 0.8 | 23.00 | 139.00 | 162.00 | NOTE | |
r-oldrel-macos-arm64 | 0.8 | 78.00 | NOTE | |||
r-oldrel-macos-x86_64 | 0.8 | 125.00 | NOTE | |||
r-oldrel-windows-x86_64 | 0.8 | 30.00 | 163.00 | 193.00 | NOTE |
Version: 0.8
Flags: --no-vignettes
Check: Rd files
Result: NOTE
checkRd: (-1) NetworkChange.Rd:163: Escaped LaTeX specials: \&
checkRd: (-1) NetworkChangeRobust.Rd:144: Escaped LaTeX specials: \&
checkRd: (-1) NetworkStatic.Rd:142: Escaped LaTeX specials: \&
Flavors: r-devel-linux-x86_64-debian-clang, r-devel-linux-x86_64-debian-gcc, r-patched-linux-x86_64, r-release-linux-x86_64
Version: 0.8
Check: Rd files
Result: NOTE
checkRd: (-1) NetworkChange.Rd:163: Escaped LaTeX specials: \&
checkRd: (-1) NetworkChangeRobust.Rd:144: Escaped LaTeX specials: \&
checkRd: (-1) NetworkStatic.Rd:142: Escaped LaTeX specials: \&
Flavors: r-devel-linux-x86_64-fedora-clang, r-devel-linux-x86_64-fedora-gcc, r-devel-macos-arm64, r-devel-macos-x86_64, r-devel-windows-x86_64, r-release-macos-arm64, r-release-macos-x86_64, r-release-windows-x86_64, r-oldrel-macos-arm64, r-oldrel-macos-x86_64, r-oldrel-windows-x86_64
These binaries (installable software) and packages are in development.
They may not be fully stable and should be used with caution. We make no claims about them.