Last updated on 2025-05-01 14:49:16 CEST.
Flavor | Version | Tinstall | Tcheck | Ttotal | Status | Flags |
---|---|---|---|---|---|---|
r-devel-linux-x86_64-debian-clang | 2.2.2 | 13.88 | 141.17 | 155.05 | NOTE | |
r-devel-linux-x86_64-debian-gcc | 2.2.2 | 11.09 | 100.59 | 111.68 | OK | |
r-devel-linux-x86_64-fedora-clang | 2.2.2 | 226.08 | OK | |||
r-devel-linux-x86_64-fedora-gcc | 2.2.2 | 213.99 | OK | |||
r-devel-windows-x86_64 | 2.2.2 | 18.00 | 137.00 | 155.00 | OK | |
r-patched-linux-x86_64 | 2.2.2 | 14.86 | 128.56 | 143.42 | OK | |
r-release-linux-x86_64 | OK | |||||
r-release-macos-arm64 | 2.2.2 | 65.00 | OK | |||
r-release-macos-x86_64 | 2.2.2 | 124.00 | OK | |||
r-release-windows-x86_64 | 2.2.2 | 19.00 | 139.00 | 158.00 | OK | |
r-oldrel-macos-arm64 | 2.2.2 | 54.00 | OK | |||
r-oldrel-macos-x86_64 | 2.2.2 | 94.00 | OK | |||
r-oldrel-windows-x86_64 | 2.2.2 | 24.00 | 178.00 | 202.00 | OK |
Version: 2.2.2
Check: examples
Result: NOTE
Examples with CPU (user + system) or elapsed time > 5s
user system elapsed
NCT 4.863 0.247 5.64
Flavor: r-devel-linux-x86_64-debian-clang
These binaries (installable software) and packages are in development.
They may not be fully stable and should be used with caution. We make no claims about them.