CRAN Package Check Results for Package NeuralNetTools

Last updated on 2025-10-23 19:50:25 CEST.

Flavor Version Tinstall Tcheck Ttotal Status Flags
r-devel-linux-x86_64-debian-clang 1.5.3 8.67 77.91 86.58 NOTE
r-devel-linux-x86_64-debian-gcc 1.5.3 4.96 55.08 60.04 OK
r-devel-linux-x86_64-fedora-clang 1.5.3 22.00 115.56 137.56 OK
r-devel-linux-x86_64-fedora-gcc 1.5.3 16.00 122.64 138.64 OK
r-devel-windows-x86_64 1.5.3 9.00 86.00 95.00 OK
r-patched-linux-x86_64 1.5.3 8.80 73.10 81.90 OK
r-release-linux-x86_64 1.5.3 7.75 73.05 80.80 OK
r-release-macos-arm64 1.5.3 3.00 39.00 42.00 OK
r-release-macos-x86_64 1.5.3 7.00 68.00 75.00 OK
r-release-windows-x86_64 1.5.3 11.00 88.00 99.00 OK
r-oldrel-macos-arm64 1.5.3 3.00 50.00 53.00 OK
r-oldrel-macos-x86_64 1.5.3 5.00 62.00 67.00 OK
r-oldrel-windows-x86_64 1.5.3 12.00 106.00 118.00 OK

Check Details

Version: 1.5.3
Check: HTML version of manual
Result: NOTE Found the following HTML validation problems: bias_lines.html:118:1 (bias_lines.Rd:54): Warning: missing </ul> before </div> bias_points.html:93:1 (bias_points.Rd:39): Warning: missing </ul> before </div> get_ys.html:58:1 (get_ys.Rd:16): Warning: missing </ul> before </div> layer_lines.html:143:1 (layer_lines.Rd:69): Warning: missing </ul> before </div> layer_points.html:113:1 (layer_points.Rd:51): Warning: missing </ul> before </div> Flavor: r-devel-linux-x86_64-debian-clang

These binaries (installable software) and packages are in development.
They may not be fully stable and should be used with caution. We make no claims about them.