Last updated on 2025-02-02 14:48:29 CET.
Flavor | Version | Tinstall | Tcheck | Ttotal | Status | Flags |
---|---|---|---|---|---|---|
r-devel-linux-x86_64-debian-clang | 1.0.11 | 2.99 | 60.58 | 63.57 | NOTE | |
r-devel-linux-x86_64-debian-gcc | 1.0.11 | 2.00 | 46.65 | 48.65 | NOTE | |
r-devel-linux-x86_64-fedora-clang | 1.0.11 | 106.01 | NOTE | |||
r-devel-linux-x86_64-fedora-gcc | 1.0.11 | 112.59 | NOTE | |||
r-devel-windows-x86_64 | 1.0.11 | 4.00 | 85.00 | 89.00 | NOTE | |
r-patched-linux-x86_64 | 1.0.11 | 2.86 | 57.57 | 60.43 | OK | |
r-release-linux-x86_64 | 1.0.11 | 2.61 | 58.16 | 60.77 | OK | |
r-release-macos-arm64 | 1.0.11 | 62.00 | OK | |||
r-release-macos-x86_64 | 1.0.11 | 78.00 | OK | |||
r-release-windows-x86_64 | 1.0.11 | 3.00 | 86.00 | 89.00 | OK | |
r-oldrel-macos-arm64 | 1.0.11 | 55.00 | OK | |||
r-oldrel-macos-x86_64 | 1.0.11 | 123.00 | OK | |||
r-oldrel-windows-x86_64 | 1.0.11 | 4.00 | 91.00 | 95.00 | OK |
Version: 1.0.11
Check: tests
Result: NOTE
Running ‘00-pairedTest.R’ [11s/12s]
Comparing ‘00-pairedTest.Rout’ to ‘00-pairedTest.Rout.save’ ... OK
Running ‘01-bankedTest.R’ [2s/3s]
Comparing ‘01-bankedTest.Rout’ to ‘01-bankedTest.Rout.save’ ...26c26
< Max. : 5.87034 Max. : 8.5824 Max. : 8.547029
---
> Max. : 5.87033 Max. : 8.5824 Max. : 8.547029
Running ‘03-betamix.R’ [7s/10s]
Comparing ‘03-betamix.Rout’ to ‘03-betamix.Rout.save’ ... OK
Flavor: r-devel-linux-x86_64-debian-clang
Version: 1.0.11
Check: tests
Result: NOTE
Running ‘00-pairedTest.R’ [8s/10s]
Comparing ‘00-pairedTest.Rout’ to ‘00-pairedTest.Rout.save’ ... OK
Running ‘01-bankedTest.R’ [2s/2s]
Comparing ‘01-bankedTest.Rout’ to ‘01-bankedTest.Rout.save’ ...26c26
< Max. : 5.87034 Max. : 8.5824 Max. : 8.547029
---
> Max. : 5.87033 Max. : 8.5824 Max. : 8.547029
Running ‘03-betamix.R’ [5s/6s]
Comparing ‘03-betamix.Rout’ to ‘03-betamix.Rout.save’ ... OK
Flavor: r-devel-linux-x86_64-debian-gcc
Version: 1.0.11
Check: tests
Result: NOTE
Running ‘00-pairedTest.R’ [18s/28s]
Comparing ‘00-pairedTest.Rout’ to ‘00-pairedTest.Rout.save’ ... OK
Running ‘01-bankedTest.R’
Comparing ‘01-bankedTest.Rout’ to ‘01-bankedTest.Rout.save’ ...26c26
< Max. : 5.87034 Max. : 8.5824 Max. : 8.547029
---
> Max. : 5.87033 Max. : 8.5824 Max. : 8.547029
Running ‘03-betamix.R’ [12s/16s]
Comparing ‘03-betamix.Rout’ to ‘03-betamix.Rout.save’ ... OK
Flavor: r-devel-linux-x86_64-fedora-clang
Version: 1.0.11
Check: tests
Result: NOTE
Running ‘00-pairedTest.R’ [17s/18s]
Comparing ‘00-pairedTest.Rout’ to ‘00-pairedTest.Rout.save’ ... OK
Running ‘01-bankedTest.R’
Comparing ‘01-bankedTest.Rout’ to ‘01-bankedTest.Rout.save’ ...26c26
< Max. : 5.87034 Max. : 8.5824 Max. : 8.547029
---
> Max. : 5.87033 Max. : 8.5824 Max. : 8.547029
Running ‘03-betamix.R’ [11s/11s]
Comparing ‘03-betamix.Rout’ to ‘03-betamix.Rout.save’ ... OK
Flavor: r-devel-linux-x86_64-fedora-gcc
Version: 1.0.11
Check: tests
Result: NOTE
Running '00-pairedTest.R' [11s]
Comparing '00-pairedTest.Rout' to '00-pairedTest.Rout.save' ... OK
Running '01-bankedTest.R' [2s]
Comparing '01-bankedTest.Rout' to '01-bankedTest.Rout.save' ...26c26
< Max. : 5.87034 Max. : 8.5824 Max. : 8.547029
---
> Max. : 5.87033 Max. : 8.5824 Max. : 8.547029
Running '03-betamix.R' [10s]
Comparing '03-betamix.Rout' to '03-betamix.Rout.save' ... OK
Flavor: r-devel-windows-x86_64
These binaries (installable software) and packages are in development.
They may not be fully stable and should be used with caution. We make no claims about them.